CRAN Package Check Results for Package rplotengine

Last updated on 2019-10-16 05:47:13 CEST.

Flavor Version Tinstall Tcheck Ttotal Status Flags
r-devel-linux-x86_64-debian-clang 1.0-7 2.43 18.21 20.64 NOTE
r-devel-linux-x86_64-debian-gcc 1.0-7 1.95 14.88 16.83 NOTE
r-devel-linux-x86_64-fedora-clang 1.0-7 27.18 NOTE
r-devel-linux-x86_64-fedora-gcc 1.0-7 26.04 NOTE
r-devel-windows-ix86+x86_64 1.0-7 5.00 41.00 46.00 OK
r-patched-linux-x86_64 1.0-7 1.73 18.03 19.76 OK
r-patched-solaris-x86 1.0-7 38.60 OK
r-release-linux-x86_64 1.0-7 2.12 18.34 20.46 OK
r-release-windows-ix86+x86_64 1.0-7 4.00 42.00 46.00 OK
r-release-osx-x86_64 1.0-7 OK
r-oldrel-windows-ix86+x86_64 1.0-7 3.00 30.00 33.00 OK
r-oldrel-osx-x86_64 1.0-7 OK

Check Details

Version: 1.0-7
Check: for non-standard things in the check directory
Result: NOTE
    Found the following files/directories:
     'mygraph.eps' 'mygraph.png' 'mygraph.tex'
Flavors: r-devel-linux-x86_64-debian-clang, r-devel-linux-x86_64-debian-gcc, r-devel-linux-x86_64-fedora-clang, r-devel-linux-x86_64-fedora-gcc