CRAN Package Check Results for Package rplotengine

Last updated on 2020-05-25 01:49:03 CEST.

Flavor Version Tinstall Tcheck Ttotal Status Flags
r-devel-linux-x86_64-debian-clang 1.0-7 2.74 20.17 22.91 NOTE
r-devel-linux-x86_64-debian-gcc 1.0-7 2.10 16.19 18.29 NOTE
r-devel-linux-x86_64-fedora-clang 1.0-7 28.72 NOTE
r-devel-linux-x86_64-fedora-gcc 1.0-7 27.68 NOTE
r-devel-windows-ix86+x86_64 1.0-7 8.00 33.00 41.00 OK
r-patched-linux-x86_64 1.0-7 2.42 20.17 22.59 NOTE
r-patched-solaris-x86 1.0-7 41.90 NOTE
r-release-linux-x86_64 1.0-7 2.39 20.14 22.53 NOTE
r-release-osx-x86_64 1.0-7 OK
r-release-windows-ix86+x86_64 1.0-7 8.00 43.00 51.00 OK
r-oldrel-osx-x86_64 1.0-7 OK
r-oldrel-windows-ix86+x86_64 1.0-7 5.00 43.00 48.00 OK

Check Details

Version: 1.0-7
Check: for non-standard things in the check directory
Result: NOTE
    Found the following files/directories:
     'mygraph.eps' 'mygraph.png' 'mygraph.tex'
Flavors: r-devel-linux-x86_64-debian-clang, r-devel-linux-x86_64-debian-gcc, r-devel-linux-x86_64-fedora-clang, r-devel-linux-x86_64-fedora-gcc, r-patched-linux-x86_64, r-patched-solaris-x86, r-release-linux-x86_64