CRAN Package Check Results for Package rpostgis

Last updated on 2019-11-21 00:50:09 CET.

Flavor Version Tinstall Tcheck Ttotal Status Flags
r-devel-linux-x86_64-debian-clang 1.4.2 9.34 79.98 89.32 OK
r-devel-linux-x86_64-debian-gcc 1.4.3 10.92 66.23 77.15 OK
r-devel-linux-x86_64-fedora-clang 1.4.3 113.52 OK
r-devel-linux-x86_64-fedora-gcc 1.4.3 116.96 OK
r-devel-windows-ix86+x86_64 1.4.2 26.00 112.00 138.00 OK
r-devel-windows-ix86+x86_64-gcc8 1.4.2 28.00 90.00 118.00 OK
r-patched-linux-x86_64 1.4.2 8.95 76.47 85.42 OK
r-patched-solaris-x86 1.4.3 143.00 NOTE
r-release-linux-x86_64 1.4.2 9.33 76.07 85.40 OK
r-release-windows-ix86+x86_64 1.4.3 24.00 116.00 140.00 OK
r-release-osx-x86_64 1.4.2 OK
r-oldrel-windows-ix86+x86_64 1.4.2 15.00 106.00 121.00 OK
r-oldrel-osx-x86_64 1.4.2 OK

Check Details

Version: 1.4.3
Check: package dependencies
Result: NOTE
    Package suggested but not available for checking: ‘RPostgres’
Flavor: r-patched-solaris-x86