CRAN Package Check Results for Package rpostgis

Last updated on 2020-07-04 02:50:36 CEST.

Flavor Version Tinstall Tcheck Ttotal Status Flags
r-devel-linux-x86_64-debian-clang 1.4.3 13.80 88.87 102.67 OK
r-devel-linux-x86_64-debian-gcc 1.4.3 10.86 68.38 79.24 OK
r-devel-linux-x86_64-fedora-clang 1.4.3 128.11 OK
r-devel-linux-x86_64-fedora-gcc 1.4.3 118.01 OK
r-devel-windows-ix86+x86_64 1.4.3 24.00 94.00 118.00 OK
r-patched-linux-x86_64 1.4.3 13.26 86.95 100.21 OK
r-patched-solaris-x86 1.4.3 168.90 NOTE
r-release-linux-x86_64 1.4.3 11.00 87.03 98.03 OK
r-release-osx-x86_64 1.4.3 OK
r-release-windows-ix86+x86_64 1.4.3 24.00 106.00 130.00 OK
r-oldrel-osx-x86_64 1.4.3 OK
r-oldrel-windows-ix86+x86_64 1.4.3 20.00 129.00 149.00 OK

Check Details

Version: 1.4.3
Check: package dependencies
Result: NOTE
    Package suggested but not available for checking: ‘RPostgres’
Flavor: r-patched-solaris-x86