CRAN Package Check Results for Package rptR

Last updated on 2022-01-17 00:48:46 CET.

Flavor Version Tinstall Tcheck Ttotal Status Flags
r-devel-linux-x86_64-debian-clang 0.9.22 3.51 178.09 181.60 OK
r-devel-linux-x86_64-debian-gcc 0.9.22 3.70 131.64 135.34 OK
r-devel-linux-x86_64-fedora-clang 0.9.22 213.76 NOTE
r-devel-linux-x86_64-fedora-gcc 0.9.22 209.26 NOTE
r-devel-windows-x86_64-new-UL 0.9.22 36.00 212.00 248.00 OK
r-devel-windows-x86_64-new-TK 0.9.22 ERROR
r-patched-linux-x86_64 0.9.22 9.00 172.46 181.46 OK
r-release-linux-x86_64 0.9.22 OK
r-release-macos-arm64 0.9.22 NOTE
r-release-macos-x86_64 0.9.22 NOTE
r-release-windows-ix86+x86_64 0.9.22 9.00 228.00 237.00 OK
r-oldrel-macos-x86_64 0.9.22 NOTE
r-oldrel-windows-ix86+x86_64 0.9.22 9.00 223.00 232.00 OK

Check Details

Version: 0.9.22
Check: dependencies in R code
Result: NOTE
    Namespace in Imports field not imported from: ‘methods’
     All declared Imports should be used.
Flavors: r-devel-linux-x86_64-fedora-clang, r-devel-linux-x86_64-fedora-gcc, r-release-macos-arm64, r-release-macos-x86_64, r-oldrel-macos-x86_64

Version: 0.9.22
Check: package dependencies
Result: ERROR
    Package required but not available: 'lme4'
    
    See section 'The DESCRIPTION file' in the 'Writing R Extensions'
    manual.
Flavor: r-devel-windows-x86_64-new-TK