CRAN Package Check Results for Package rrepast

Last updated on 2019-11-18 00:54:32 CET.

Flavor Version Tinstall Tcheck Ttotal Status Flags
r-devel-linux-x86_64-debian-clang 0.7.0 11.50 91.99 103.49 OK
r-devel-linux-x86_64-debian-gcc 0.7.0 10.79 71.62 82.41 OK
r-devel-linux-x86_64-fedora-clang 0.7.0 122.61 OK
r-devel-linux-x86_64-fedora-gcc 0.7.0 118.37 OK
r-devel-windows-ix86+x86_64 0.7.0 26.00 7.00 33.00 ERROR
r-patched-linux-x86_64 0.7.0 11.11 86.38 97.49 OK
r-patched-solaris-x86 0.7.0 130.70 OK
r-release-linux-x86_64 0.7.0 12.49 87.79 100.28 OK
r-release-windows-ix86+x86_64 0.7.0 23.00 112.00 135.00 OK
r-release-osx-x86_64 0.7.0 OK
r-oldrel-windows-ix86+x86_64 0.7.0 14.00 108.00 122.00 OK
r-oldrel-osx-x86_64 0.7.0 OK

Check Details

Version: 0.7.0
Check: whether package can be installed
Result: ERROR
    Installation failed.
Flavor: r-devel-windows-ix86+x86_64