CRAN Package Check Results for Package rrtable

Last updated on 2019-09-23 01:46:52 CEST.

Flavor Version Tinstall Tcheck Ttotal Status Flags
r-devel-linux-x86_64-debian-clang 0.1.0 8.28 93.51 101.79 NOTE
r-devel-linux-x86_64-debian-gcc 0.1.0 6.90 76.63 83.53 NOTE
r-devel-linux-x86_64-fedora-clang 0.1.0 119.69 NOTE
r-devel-linux-x86_64-fedora-gcc 0.1.0 114.85 NOTE
r-devel-windows-ix86+x86_64 0.1.0 40.00 155.00 195.00 OK
r-patched-linux-x86_64 0.1.0 8.81 93.47 102.28 OK
r-patched-solaris-x86 0.1.0 167.00 OK
r-release-linux-x86_64 0.1.0 7.42 89.17 96.59 OK
r-release-windows-ix86+x86_64 0.1.0 42.00 143.00 185.00 OK
r-release-osx-x86_64 0.1.0 WARN
r-oldrel-windows-ix86+x86_64 0.1.0 14.00 101.00 115.00 OK
r-oldrel-osx-x86_64 0.1.0 WARN

Check Details

Version: 0.1.0
Check: for non-standard things in the check directory
Result: NOTE
    Found the following files/directories:
     'tmp'
Flavors: r-devel-linux-x86_64-debian-clang, r-devel-linux-x86_64-debian-gcc, r-devel-linux-x86_64-fedora-clang, r-devel-linux-x86_64-fedora-gcc

Version: 0.1.0
Check: re-building of vignette outputs
Result: WARN
    Error(s) in re-building vignettes:
    --- re-building ‘rrtable.Rmd’ using rmarkdown
    Warning in engine$weave(file, quiet = quiet, encoding = enc) :
     Pandoc (>= 1.12.3) and/or pandoc-citeproc not available. Falling back to R Markdown v1.
    Loading required package: moonBook
    Loading required package: ztable
    Welcome to package ztable ver 0.2.0
    Loading required package: rrtable
    
    Attaching package: 'rrtable'
    
    The following object is masked from 'package:ztable':
    
     roundDf
    
    Loading required package: ggplot2
    Quitting from lines 68-69 (rrtable.Rmd)
    Error: processing vignette 'rrtable.Rmd' failed with diagnostics:
    `render_flextable` needs to be used as a renderer for a knitr/rmarkdown R code chunk (render by rmarkdown)
    --- failed re-building ‘rrtable.Rmd’
    
    SUMMARY: processing the following file failed:
     ‘rrtable.Rmd’
    
    Error: Vignette re-building failed.
    Execution halted
Flavor: r-release-osx-x86_64

Version: 0.1.0
Check: re-building of vignette outputs
Result: WARN
    Error in re-building vignettes:
     ...
    Warning in engine$weave(file, quiet = quiet, encoding = enc) :
     Pandoc (>= 1.12.3) and/or pandoc-citeproc not available. Falling back to R Markdown v1.
    Loading required package: moonBook
    Loading required package: ztable
    Welcome to package ztable ver 0.2.0
    Loading required package: rrtable
    
    Attaching package: 'rrtable'
    
    The following object is masked from 'package:ztable':
    
     roundDf
    
    Loading required package: ggplot2
    Quitting from lines 68-69 (rrtable.Rmd)
    Error: processing vignette 'rrtable.Rmd' failed with diagnostics:
    `render_flextable` needs to be used as a renderer for a knitr/rmarkdown R code chunk (render by rmarkdown)
    Execution halted
Flavor: r-oldrel-osx-x86_64