CRAN Package Check Results for Package rskey

Last updated on 2019-10-13 01:46:26 CEST.

Flavor Version Tinstall Tcheck Ttotal Status Flags
r-devel-linux-x86_64-debian-clang 0.4.1 2.20 20.14 22.34 OK
r-devel-linux-x86_64-debian-gcc 0.4.1 1.88 16.59 18.47 OK
r-devel-linux-x86_64-fedora-clang 0.4.1 28.16 NOTE
r-devel-linux-x86_64-fedora-gcc 0.4.1 27.10 NOTE
r-devel-windows-ix86+x86_64 0.4.1 6.00 45.00 51.00 OK
r-patched-linux-x86_64 0.4.1 1.90 20.09 21.99 OK
r-patched-solaris-x86 0.4.1 42.30 NOTE
r-release-linux-x86_64 0.4.1 1.93 20.00 21.93 OK
r-release-windows-ix86+x86_64 0.4.1 9.00 32.00 41.00 OK
r-release-osx-x86_64 0.4.1 NOTE
r-oldrel-windows-ix86+x86_64 0.4.1 2.00 32.00 34.00 OK
r-oldrel-osx-x86_64 0.4.1 NOTE

Check Details

Version: 0.4.1
Check: dependencies in R code
Result: NOTE
    Namespaces in Imports field not imported from:
     ‘miniUI’ ‘shiny’
     All declared Imports should be used.
Flavors: r-devel-linux-x86_64-fedora-clang, r-devel-linux-x86_64-fedora-gcc, r-patched-solaris-x86, r-release-osx-x86_64, r-oldrel-osx-x86_64