CRAN Package Check Results for Package rskey

Last updated on 2020-05-25 01:49:03 CEST.

Flavor Version Tinstall Tcheck Ttotal Status Flags
r-devel-linux-x86_64-debian-clang 0.4.1 2.47 22.21 24.68 OK
r-devel-linux-x86_64-debian-gcc 0.4.1 1.95 17.50 19.45 OK
r-devel-linux-x86_64-fedora-clang 0.4.1 29.87 NOTE
r-devel-linux-x86_64-fedora-gcc 0.4.1 29.62 NOTE
r-devel-windows-ix86+x86_64 0.4.1 8.00 46.00 54.00 OK
r-patched-linux-x86_64 0.4.1 2.43 21.98 24.41 OK
r-patched-solaris-x86 0.4.1 46.10 NOTE
r-release-linux-x86_64 0.4.1 2.35 22.11 24.46 OK
r-release-osx-x86_64 0.4.1 NOTE
r-release-windows-ix86+x86_64 0.4.1 6.00 45.00 51.00 OK
r-oldrel-osx-x86_64 0.4.1 NOTE
r-oldrel-windows-ix86+x86_64 0.4.1 6.00 44.00 50.00 OK

Check Details

Version: 0.4.1
Check: dependencies in R code
Result: NOTE
    Namespaces in Imports field not imported from:
     ‘miniUI’ ‘shiny’
     All declared Imports should be used.
Flavors: r-devel-linux-x86_64-fedora-clang, r-devel-linux-x86_64-fedora-gcc, r-patched-solaris-x86, r-release-osx-x86_64, r-oldrel-osx-x86_64