CRAN Package Check Results for Package rsolr

Last updated on 2019-11-21 00:50:09 CET.

Flavor Version Tinstall Tcheck Ttotal Status Flags
r-devel-linux-x86_64-debian-clang 0.0.9 32.42 164.10 196.52 OK
r-devel-linux-x86_64-debian-gcc 0.0.9 31.30 135.82 167.12 OK
r-devel-linux-x86_64-fedora-clang 0.0.9 232.73 OK
r-devel-linux-x86_64-fedora-gcc 0.0.9 243.27 OK
r-devel-windows-ix86+x86_64 0.0.9 60.00 0.00 60.00 OK
r-devel-windows-ix86+x86_64-gcc8 0.0.9 66.00 0.00 66.00 OK
r-patched-linux-x86_64 0.0.9 28.86 158.32 187.18 OK
r-patched-solaris-x86 0.0.9 290.00 ERROR
r-release-linux-x86_64 0.0.9 29.71 155.67 185.38 OK
r-release-windows-ix86+x86_64 0.0.9 66.00 0.00 66.00 OK
r-release-osx-x86_64 0.0.9 OK
r-oldrel-windows-ix86+x86_64 0.0.9 51.00 0.00 51.00 OK
r-oldrel-osx-x86_64 0.0.9 OK

Check Details

Version: 0.0.9
Check: tests
Result: ERROR
     Running ‘rsolr_unit_tests.R’ [1m/180m]
    Running the tests in ‘tests/rsolr_unit_tests.R’ failed.
    Complete output:
     > rsolr:::.test()
     Starting Solr...
     Use options(verbose=TRUE) to diagnose any problems.
     Solr started at: http://localhost:8983/solr/techproducts
    
     Attaching package: 'BiocGenerics'
    
     The following objects are masked from 'package:parallel':
    
     clusterApply, clusterApplyLB, clusterCall, clusterEvalQ,
     clusterExport, clusterMap, parApply, parCapply, parLapply,
     parLapplyLB, parRapply, parSapply, parSapplyLB
    
     The following objects are masked from 'package:stats':
    
     IQR, mad, sd, var, xtabs
    
     The following objects are masked from 'package:base':
    
     Filter, Find, Map, Position, Reduce, anyDuplicated, append,
     as.data.frame, basename, cbind, colnames, dirname, do.call,
     duplicated, eval, evalq, get, grep, grepl, intersect, is.unsorted,
     lapply, mapply, match, mget, order, paste, pmax, pmax.int, pmin,
     pmin.int, rank, rbind, rownames, sapply, setdiff, sort, table,
     tapply, union, unique, unsplit, which, which.max, which.min
    
    
     Attaching package: 'rsolr'
    
     The following object is masked from 'package:stats':
    
     ftable
    
     The following object is masked from 'package:base':
    
     grouping
    
     Starting Solr...
     Use options(verbose=TRUE) to diagnose any problems.
    
     Timing stopped at: 30.06 6.868 1.077e+04
     Error in file() : cannot open the connection
     Calls: <Anonymous> -> <Anonymous> -> <Anonymous> -> portIsOpen -> file
     In addition: Warning message:
     In file() :
     cannot open file '/tmp/RtmprfaWW1/working_dir/RtmpqPa4Wl/Rf1787f746511': Too many open files
     Execution halted
Flavor: r-patched-solaris-x86

Version: 0.0.9
Check: re-building of vignette outputs
Result: WARN
    Error(s) in re-building vignettes:
     ...
    --- re-building ‘intro.Rnw’ using Sweave
    Loading required package: BiocGenerics
    Loading required package: parallel
    
    Attaching package: ‘BiocGenerics’
    
    The following objects are masked from ‘package:parallel’:
    
     clusterApply, clusterApplyLB, clusterCall, clusterEvalQ,
     clusterExport, clusterMap, parApply, parCapply, parLapply,
     parLapplyLB, parRapply, parSapply, parSapplyLB
    
    The following objects are masked from ‘package:stats’:
    
     IQR, mad, sd, var, xtabs
    
    The following objects are masked from ‘package:base’:
    
     Filter, Find, Map, Position, Reduce, anyDuplicated, append,
     as.data.frame, basename, cbind, colnames, dirname, do.call,
     duplicated, eval, evalq, get, grep, grepl, intersect, is.unsorted,
     lapply, mapply, match, mget, order, paste, pmax, pmax.int, pmin,
     pmin.int, rank, rbind, rownames, sapply, setdiff, sort, table,
     tapply, union, unique, unsplit, which, which.max, which.min
    
    
    Attaching package: ‘rsolr’
    
    The following object is masked from ‘package:stats’:
    
     ftable
    
    The following object is masked from ‘package:base’:
    
     grouping
    
    
    Error: processing vignette 'intro.Rnw' failed with diagnostics:
     chunk 3 (label = SolrFrame)
    Error in value[[3L]](cond) : Failed to retrieve schema.
    rsolr requires schema via REST or as XML from admin module.
    Error from REST: Error: Not Found
    
    
    
    --- failed re-building ‘intro.Rnw’
    
    SUMMARY: processing the following file failed:
     ‘intro.Rnw’
    
    Error: Vignette re-building failed.
    Execution halted
Flavor: r-patched-solaris-x86