CRAN Package Check Results for Package rsurfer

Last updated on 2020-03-31 01:52:53 CEST.

Flavor Version Tinstall Tcheck Ttotal Status Flags
r-devel-linux-x86_64-debian-clang 0.2 5.63 44.73 50.36 NOTE
r-devel-linux-x86_64-debian-gcc 0.2 4.57 34.72 39.29 NOTE
r-devel-linux-x86_64-fedora-clang 0.2 62.21 OK
r-devel-linux-x86_64-fedora-gcc 0.2 61.08 OK
r-devel-windows-ix86+x86_64 0.2 12.00 55.00 67.00 NOTE
r-devel-windows-ix86+x86_64-gcc8 0.2 10.00 60.00 70.00 NOTE
r-patched-linux-x86_64 0.2 5.87 44.48 50.35 NOTE
r-patched-solaris-x86 0.2 87.70 OK
r-release-linux-x86_64 0.2 4.46 42.27 46.73 OK
r-release-windows-ix86+x86_64 0.2 15.00 82.00 97.00 OK
r-release-osx-x86_64 0.2 OK
r-oldrel-windows-ix86+x86_64 0.2 10.00 80.00 90.00 OK
r-oldrel-osx-x86_64 0.2 OK

Check Details

Version: 0.2
Check: package vignettes
Result: NOTE
    Package vignette with placeholder title 'Vignette Title':
     'main-vignette.Rmd'
Flavors: r-devel-linux-x86_64-debian-clang, r-devel-linux-x86_64-debian-gcc, r-devel-windows-ix86+x86_64, r-devel-windows-ix86+x86_64-gcc8, r-patched-linux-x86_64