CRAN Package Check Results for Package rxylib

Last updated on 2019-10-19 01:50:25 CEST.

Flavor Version Tinstall Tcheck Ttotal Status Flags
r-devel-linux-x86_64-debian-clang 0.2.4 114.52 24.56 139.08 OK
r-devel-linux-x86_64-debian-gcc 0.2.4 88.99 19.65 108.64 OK
r-devel-linux-x86_64-fedora-clang 0.2.4 227.30 NOTE
r-devel-linux-x86_64-fedora-gcc 0.2.4 196.14 OK
r-devel-windows-ix86+x86_64 0.2.4 303.00 63.00 366.00 OK
r-patched-linux-x86_64 0.2.4 97.88 23.94 121.82 OK
r-patched-solaris-x86 0.2.4 163.40 OK
r-release-linux-x86_64 0.2.4 94.39 24.11 118.50 OK
r-release-windows-ix86+x86_64 0.2.4 219.00 79.00 298.00 OK
r-release-osx-x86_64 0.2.4 NOTE
r-oldrel-windows-ix86+x86_64 0.2.4 209.00 56.00 265.00 OK
r-oldrel-osx-x86_64 0.2.4 NOTE

Check Details

Version: 0.2.4
Check: installed package size
Result: NOTE
     installed size is 9.9Mb
     sub-directories of 1Mb or more:
     libs 9.5Mb
Flavors: r-devel-linux-x86_64-fedora-clang, r-release-osx-x86_64, r-oldrel-osx-x86_64