CRAN Package Check Results for Package rxylib

Last updated on 2020-05-31 01:48:52 CEST.

Flavor Version Tinstall Tcheck Ttotal Status Flags
r-devel-linux-x86_64-debian-clang 0.2.4 119.03 27.51 146.54 OK
r-devel-linux-x86_64-debian-gcc 0.2.4 94.43 22.15 116.58 OK
r-devel-linux-x86_64-fedora-clang 0.2.4 228.04 NOTE
r-devel-linux-x86_64-fedora-gcc 0.2.4 194.58 OK
r-devel-windows-ix86+x86_64 0.2.4 299.00 97.00 396.00 OK
r-patched-linux-x86_64 0.2.4 100.85 28.36 129.21 OK
r-patched-solaris-x86 0.2.4 168.00 OK
r-release-linux-x86_64 0.2.4 103.01 28.95 131.96 OK
r-release-osx-x86_64 0.2.4 NOTE
r-release-windows-ix86+x86_64 0.2.4 233.00 88.00 321.00 OK
r-oldrel-osx-x86_64 0.2.4 NOTE
r-oldrel-windows-ix86+x86_64 0.2.4 291.00 65.00 356.00 OK

Check Details

Version: 0.2.4
Check: installed package size
Result: NOTE
     installed size is 11.1Mb
     sub-directories of 1Mb or more:
     libs 10.7Mb
Flavors: r-devel-linux-x86_64-fedora-clang, r-release-osx-x86_64, r-oldrel-osx-x86_64