CRAN Package Check Results for Package sBIC

Last updated on 2019-10-17 02:47:35 CEST.

Flavor Version Tinstall Tcheck Ttotal Status Flags
r-devel-linux-x86_64-debian-clang 0.2.0 22.64 159.65 182.29 OK
r-devel-linux-x86_64-debian-gcc 0.2.0 14.18 119.54 133.72 OK
r-devel-linux-x86_64-fedora-clang 0.2.0 227.98 NOTE
r-devel-linux-x86_64-fedora-gcc 0.2.0 217.76 NOTE
r-devel-windows-ix86+x86_64 0.2.0 45.00 175.00 220.00 OK
r-patched-linux-x86_64 0.2.0 15.12 155.65 170.77 OK
r-patched-solaris-x86 0.2.0 271.00 OK
r-release-linux-x86_64 0.2.0 14.95 160.52 175.47 OK
r-release-windows-ix86+x86_64 0.2.0 31.00 251.00 282.00 OK
r-release-osx-x86_64 0.2.0 OK
r-oldrel-windows-ix86+x86_64 0.2.0 29.00 183.00 212.00 OK
r-oldrel-osx-x86_64 0.2.0 OK

Check Details

Version: 0.2.0
Check: compiled code
Result: NOTE
    File ‘sBIC/libs/sBIC.so’:
     Found no calls to: ‘R_registerRoutines’, ‘R_useDynamicSymbols’
    
    It is good practice to register native routines and to disable symbol
    search.
    
    See ‘Writing portable packages’ in the ‘Writing R Extensions’ manual.
Flavors: r-devel-linux-x86_64-fedora-clang, r-devel-linux-x86_64-fedora-gcc