CRAN Package Check Results for Package sBIC

Last updated on 2020-05-25 01:49:03 CEST.

Flavor Version Tinstall Tcheck Ttotal Status Flags
r-devel-linux-x86_64-debian-clang 0.2.0 21.52 161.66 183.18 OK
r-devel-linux-x86_64-debian-gcc 0.2.0 16.64 117.44 134.08 OK
r-devel-linux-x86_64-fedora-clang 0.2.0 216.74 NOTE
r-devel-linux-x86_64-fedora-gcc 0.2.0 232.63 NOTE
r-devel-windows-ix86+x86_64 0.2.0 56.00 257.00 313.00 OK
r-patched-linux-x86_64 0.2.0 16.88 163.01 179.89 OK
r-patched-solaris-x86 0.2.0 287.30 OK
r-release-linux-x86_64 0.2.0 18.27 161.87 180.14 OK
r-release-osx-x86_64 0.2.0 OK
r-release-windows-ix86+x86_64 0.2.0 43.00 262.00 305.00 OK
r-oldrel-osx-x86_64 0.2.0 OK
r-oldrel-windows-ix86+x86_64 0.2.0 42.00 252.00 294.00 OK

Check Details

Version: 0.2.0
Check: compiled code
Result: NOTE
    File ‘sBIC/libs/sBIC.so’:
     Found no calls to: ‘R_registerRoutines’, ‘R_useDynamicSymbols’
    
    It is good practice to register native routines and to disable symbol
    search.
    
    See ‘Writing portable packages’ in the ‘Writing R Extensions’ manual.
Flavors: r-devel-linux-x86_64-fedora-clang, r-devel-linux-x86_64-fedora-gcc