CRAN Package Check Results for Package santaR

Last updated on 2019-10-22 01:49:38 CEST.

Flavor Version Tinstall Tcheck Ttotal Status Flags
r-devel-linux-x86_64-debian-clang 1.0 5.27 175.84 181.11 OK
r-devel-linux-x86_64-debian-gcc 1.0 4.78 133.45 138.23 OK
r-devel-linux-x86_64-fedora-clang 1.0 213.01 NOTE
r-devel-linux-x86_64-fedora-gcc 1.0 221.55 NOTE
r-devel-windows-ix86+x86_64 1.0 13.00 223.00 236.00 OK
r-patched-linux-x86_64 1.0 4.99 172.49 177.48 OK
r-patched-solaris-x86 1.0 240.40 NOTE
r-release-linux-x86_64 1.0 6.10 171.70 177.80 OK
r-release-windows-ix86+x86_64 1.0 21.00 170.00 191.00 OK
r-release-osx-x86_64 1.0 NOTE
r-oldrel-windows-ix86+x86_64 1.0 9.00 147.00 156.00 OK
r-oldrel-osx-x86_64 1.0 NOTE

Check Details

Version: 1.0
Check: dependencies in R code
Result: NOTE
    Namespace in Imports field not imported from: ‘gridExtra’
     All declared Imports should be used.
Flavors: r-devel-linux-x86_64-fedora-clang, r-devel-linux-x86_64-fedora-gcc, r-patched-solaris-x86, r-release-osx-x86_64, r-oldrel-osx-x86_64