CRAN Package Check Results for Package santaR

Last updated on 2020-05-25 01:49:03 CEST.

Flavor Version Tinstall Tcheck Ttotal Status Flags
r-devel-linux-x86_64-debian-clang 1.0 5.76 181.88 187.64 OK
r-devel-linux-x86_64-debian-gcc 1.0 5.23 134.85 140.08 OK
r-devel-linux-x86_64-fedora-clang 1.0 215.74 NOTE
r-devel-linux-x86_64-fedora-gcc 1.0 220.91 NOTE
r-devel-windows-ix86+x86_64 1.0 23.00 165.00 188.00 OK
r-patched-linux-x86_64 1.0 5.82 177.74 183.56 OK
r-patched-solaris-x86 1.0 247.80 NOTE
r-release-linux-x86_64 1.0 5.96 174.71 180.67 OK
r-release-osx-x86_64 1.0 NOTE
r-release-windows-ix86+x86_64 1.0 27.00 232.00 259.00 OK
r-oldrel-osx-x86_64 1.0 NOTE
r-oldrel-windows-ix86+x86_64 1.0 14.00 228.00 242.00 OK

Check Details

Version: 1.0
Check: dependencies in R code
Result: NOTE
    Namespace in Imports field not imported from: ‘gridExtra’
     All declared Imports should be used.
Flavors: r-devel-linux-x86_64-fedora-clang, r-devel-linux-x86_64-fedora-gcc, r-patched-solaris-x86, r-release-osx-x86_64, r-oldrel-osx-x86_64