CRAN Package Check Results for Package sars

Last updated on 2020-04-08 01:49:10 CEST.

Flavor Version Tinstall Tcheck Ttotal Status Flags
r-devel-linux-x86_64-debian-clang 1.2.1 8.57 91.27 99.84 OK
r-devel-linux-x86_64-debian-gcc 1.2.1 7.58 67.23 74.81 OK
r-devel-linux-x86_64-fedora-clang 1.2.1 116.44 OK
r-devel-linux-x86_64-fedora-gcc 1.2.1 118.62 OK
r-devel-windows-ix86+x86_64 1.2.1 19.00 114.00 133.00 WARN
r-devel-windows-ix86+x86_64-gcc8 1.2.1 19.00 88.00 107.00 OK
r-patched-linux-x86_64 1.2.1 8.67 88.34 97.01 OK
r-patched-solaris-x86 1.2.1 145.50 OK
r-release-linux-x86_64 1.2.1 7.46 81.39 88.85 OK
r-release-windows-ix86+x86_64 1.2.1 15.00 125.00 140.00 OK
r-release-osx-x86_64 1.2.1 OK
r-oldrel-windows-ix86+x86_64 1.2.1 11.00 97.00 108.00 OK
r-oldrel-osx-x86_64 1.2.1 OK

Check Details

Version: 1.2.1
Check: re-building of vignette outputs
Result: WARN
    Error(s) in re-building vignettes:
Flavor: r-devel-windows-ix86+x86_64