CRAN Package Check Results for Package sass

Last updated on 2020-07-04 02:50:38 CEST.

Flavor Version Tinstall Tcheck Ttotal Status Flags
r-devel-linux-x86_64-debian-clang 0.2.0 215.16 32.88 248.04 NOTE
r-devel-linux-x86_64-debian-gcc 0.2.0 154.31 25.25 179.56 NOTE
r-devel-linux-x86_64-fedora-clang 0.2.0 295.38 NOTE
r-devel-linux-x86_64-fedora-gcc 0.2.0 312.76 NOTE
r-devel-windows-ix86+x86_64 0.2.0 553.00 86.00 639.00 NOTE
r-patched-linux-x86_64 0.2.0 158.47 34.25 192.72 NOTE
r-patched-solaris-x86 0.2.0 316.50 NOTE
r-release-linux-x86_64 0.2.0 162.31 34.52 196.83 NOTE
r-release-osx-x86_64 0.2.0 NOTE
r-release-windows-ix86+x86_64 0.2.0 444.00 85.00 529.00 NOTE
r-oldrel-osx-x86_64 0.2.0 NOTE
r-oldrel-windows-ix86+x86_64 0.2.0 523.00 115.00 638.00 NOTE

Check Details

Version: 0.2.0
Check: for GNU extensions in Makefiles
Result: NOTE
    GNU make is a SystemRequirements.
Flavors: r-devel-linux-x86_64-debian-clang, r-devel-linux-x86_64-debian-gcc, r-devel-linux-x86_64-fedora-clang, r-devel-linux-x86_64-fedora-gcc, r-devel-windows-ix86+x86_64, r-patched-linux-x86_64, r-patched-solaris-x86, r-release-linux-x86_64, r-release-osx-x86_64, r-release-windows-ix86+x86_64, r-oldrel-osx-x86_64, r-oldrel-windows-ix86+x86_64

Version: 0.2.0
Check: installed package size
Result: NOTE
     installed size is 5.0Mb
     sub-directories of 1Mb or more:
     doc 1.7Mb
     libs 3.0Mb
Flavors: r-devel-linux-x86_64-fedora-clang, r-devel-windows-ix86+x86_64, r-patched-solaris-x86, r-release-windows-ix86+x86_64, r-oldrel-windows-ix86+x86_64