CRAN Package Check Results for Package sbpiper

Last updated on 2020-06-03 01:50:57 CEST.

Flavor Version Tinstall Tcheck Ttotal Status Flags
r-devel-linux-x86_64-debian-clang 1.9.0 14.33 143.35 157.68 NOTE
r-devel-linux-x86_64-debian-gcc 1.9.0 11.12 105.32 116.44 NOTE
r-devel-linux-x86_64-fedora-clang 1.9.0 191.72 NOTE
r-devel-linux-x86_64-fedora-gcc 1.9.0 181.57 NOTE
r-devel-windows-ix86+x86_64 1.9.0 43.00 183.00 226.00 OK
r-patched-linux-x86_64 1.9.0 9.34 137.54 146.88 NOTE
r-patched-solaris-x86 1.9.0 259.30 NOTE
r-release-linux-x86_64 1.9.0 10.00 138.50 148.50 NOTE
r-release-osx-x86_64 1.9.0 OK
r-release-windows-ix86+x86_64 1.9.0 35.00 139.00 174.00 OK
r-oldrel-osx-x86_64 1.9.0 OK
r-oldrel-windows-ix86+x86_64 1.9.0 25.00 133.00 158.00 OK

Check Details

Version: 1.9.0
Check: for non-standard things in the check directory
Result: NOTE
    Found the following files/directories:
     'insulin_receptor_IR_beta_pY1146_stats.csv'
     'insulin_receptor_exp_dataset.csv' 'pe_datasets' 'pe_plots'
     'ps1_datasets' 'ps1_plots' 'ps2_datasets' 'ps2_plots' 'sim_datasets'
     'sim_datasets_sum' 'sim_plots'
Flavors: r-devel-linux-x86_64-debian-clang, r-devel-linux-x86_64-debian-gcc, r-devel-linux-x86_64-fedora-clang, r-devel-linux-x86_64-fedora-gcc, r-patched-linux-x86_64, r-patched-solaris-x86, r-release-linux-x86_64