CRAN Package Check Results for Package sbrl

Last updated on 2019-10-16 05:47:14 CEST.

Flavor Version Tinstall Tcheck Ttotal Status Flags
r-devel-linux-x86_64-debian-clang 1.2 16.12 39.79 55.91 NOTE
r-devel-linux-x86_64-debian-gcc 1.2 11.90 32.32 44.22 NOTE
r-devel-linux-x86_64-fedora-clang 1.2 73.17 NOTE
r-devel-linux-x86_64-fedora-gcc 1.2 71.47 NOTE
r-devel-windows-ix86+x86_64 1.2 31.00 120.00 151.00 WARN
r-patched-linux-x86_64 1.2 12.12 39.09 51.21 OK
r-patched-solaris-x86 1.2 108.30 OK
r-release-linux-x86_64 1.2 11.85 39.81 51.66 OK
r-release-windows-ix86+x86_64 1.2 28.00 122.00 150.00 OK
r-release-osx-x86_64 1.2 OK
r-oldrel-windows-ix86+x86_64 1.2 24.00 88.00 112.00 OK
r-oldrel-osx-x86_64 1.2 OK

Additional issues

clang-UBSAN gcc-UBSAN valgrind

Check Details

Version: 1.2
Check: for non-standard things in the check directory
Result: NOTE
    Found the following files/directories:
     'tdata_R.label' 'tdata_R.out'
Flavors: r-devel-linux-x86_64-debian-clang, r-devel-linux-x86_64-debian-gcc, r-devel-linux-x86_64-fedora-clang, r-devel-linux-x86_64-fedora-gcc

Version: 1.2
Check: compiled code
Result: NOTE
    File ‘sbrl/libs/sbrl.so’:
     Found no calls to: ‘R_registerRoutines’, ‘R_useDynamicSymbols’
    
    It is good practice to register native routines and to disable symbol
    search.
    
    See ‘Writing portable packages’ in the ‘Writing R Extensions’ manual.
Flavors: r-devel-linux-x86_64-fedora-clang, r-devel-linux-x86_64-fedora-gcc

Version: 1.2
Check: whether package can be installed
Result: WARN
    Found the following significant warnings:
     d:/Compiler/gcc-4.9.3/local330/include/gmp-x64.h:140:23: warning: ISO C++ 1998 does not support 'long long' [-Wlong-long]
     d:/Compiler/gcc-4.9.3/local330/include/gmp-x64.h:141:14: warning: ISO C++ 1998 does not support 'long long' [-Wlong-long]
Flavor: r-devel-windows-ix86+x86_64