CRAN Package Check Results for Package scrubr

Last updated on 2020-06-07 01:48:25 CEST.

Flavor Version Tinstall Tcheck Ttotal Status Flags
r-devel-linux-x86_64-debian-clang 0.3.2 8.17 81.69 89.86 OK
r-devel-linux-x86_64-debian-gcc 0.3.2 7.42 62.17 69.59 OK
r-devel-linux-x86_64-fedora-clang 0.3.2 117.47 NOTE
r-devel-linux-x86_64-fedora-gcc 0.3.2 109.30 NOTE
r-devel-windows-ix86+x86_64 0.3.2 23.00 120.00 143.00 OK
r-patched-linux-x86_64 0.3.2 8.51 58.27 66.78 OK
r-patched-solaris-x86 0.3.2 164.60 NOTE
r-release-linux-x86_64 0.3.2 7.82 47.57 55.39 OK
r-release-osx-x86_64 0.3.2 NOTE
r-release-windows-ix86+x86_64 0.3.2 36.00 122.00 158.00 OK
r-oldrel-osx-x86_64 0.3.2 NOTE
r-oldrel-windows-ix86+x86_64 0.3.2 27.00 86.00 113.00 OK

Check Details

Version: 0.3.2
Check: data for non-ASCII characters
Result: NOTE
     Note: found 57 marked UTF-8 strings
Flavors: r-devel-linux-x86_64-fedora-clang, r-devel-linux-x86_64-fedora-gcc, r-patched-solaris-x86, r-release-osx-x86_64, r-oldrel-osx-x86_64