CRAN Package Check Results for Package scs

Last updated on 2019-11-14 00:53:12 CET.

Flavor Version Tinstall Tcheck Ttotal Status Flags
r-devel-linux-x86_64-debian-clang 1.3-1 9.15 18.50 27.65 NOTE
r-devel-linux-x86_64-debian-gcc 1.3-1 7.77 15.34 23.11 NOTE
r-devel-linux-x86_64-fedora-clang 1.3-1 35.86 NOTE
r-devel-linux-x86_64-fedora-gcc 1.3-1 37.14 WARN
r-devel-windows-ix86+x86_64 1.3-1 72.00 40.00 112.00 NOTE
r-patched-linux-x86_64 1.3-1 9.11 17.97 27.08 NOTE
r-patched-solaris-x86 1.3-1 5.20 ERROR
r-release-linux-x86_64 1.3-1 9.31 18.05 27.36 NOTE
r-release-windows-ix86+x86_64 1.3-1 70.00 56.00 126.00 NOTE
r-release-osx-x86_64 1.3-1 NOTE
r-oldrel-windows-ix86+x86_64 1.3-1 44.00 36.00 80.00 NOTE
r-oldrel-osx-x86_64 1.3-1 NOTE

Check Details

Version: 1.3-1
Check: for GNU extensions in Makefiles
Result: NOTE
    GNU make is a SystemRequirements.
Flavors: r-devel-linux-x86_64-debian-clang, r-devel-linux-x86_64-debian-gcc, r-devel-linux-x86_64-fedora-clang, r-devel-linux-x86_64-fedora-gcc, r-devel-windows-ix86+x86_64, r-patched-linux-x86_64, r-release-linux-x86_64, r-release-windows-ix86+x86_64, r-release-osx-x86_64, r-oldrel-windows-ix86+x86_64, r-oldrel-osx-x86_64

Version: 1.3-1
Check: whether package can be installed
Result: WARN
    Found the following significant warnings:
     src/rw.c:141:3: warning: ignoring return value of ‘fread’, declared with attribute warn_unused_result [-Wunused-result]
     src/rw.c:142:3: warning: ignoring return value of ‘fread’, declared with attribute warn_unused_result [-Wunused-result]
     src/rw.c:27:3: warning: ignoring return value of ‘fread’, declared with attribute warn_unused_result [-Wunused-result]
     src/rw.c:28:3: warning: ignoring return value of ‘fread’, declared with attribute warn_unused_result [-Wunused-result]
     src/rw.c:29:3: warning: ignoring return value of ‘fread’, declared with attribute warn_unused_result [-Wunused-result]
     src/rw.c:31:3: warning: ignoring return value of ‘fread’, declared with attribute warn_unused_result [-Wunused-result]
     src/rw.c:32:3: warning: ignoring return value of ‘fread’, declared with attribute warn_unused_result [-Wunused-result]
     src/rw.c:34:3: warning: ignoring return value of ‘fread’, declared with attribute warn_unused_result [-Wunused-result]
     src/rw.c:35:3: warning: ignoring return value of ‘fread’, declared with attribute warn_unused_result [-Wunused-result]
     src/rw.c:36:3: warning: ignoring return value of ‘fread’, declared with attribute warn_unused_result [-Wunused-result]
     src/rw.c:37:3: warning: ignoring return value of ‘fread’, declared with attribute warn_unused_result [-Wunused-result]
     src/rw.c:39:3: warning: ignoring return value of ‘fread’, declared with attribute warn_unused_result [-Wunused-result]
     src/rw.c:109:3: warning: ignoring return value of ‘fread’, declared with attribute warn_unused_result [-Wunused-result]
     src/rw.c:110:3: warning: ignoring return value of ‘fread’, declared with attribute warn_unused_result [-Wunused-result]
     src/rw.c:113:3: warning: ignoring return value of ‘fread’, declared with attribute warn_unused_result [-Wunused-result]
     src/rw.c:114:3: warning: ignoring return value of ‘fread’, declared with attribute warn_unused_result [-Wunused-result]
     src/rw.c:61:3: warning: ignoring return value of ‘fread’, declared with attribute warn_unused_result [-Wunused-result]
     src/rw.c:62:3: warning: ignoring return value of ‘fread’, declared with attribute warn_unused_result [-Wunused-result]
     src/rw.c:63:3: warning: ignoring return value of ‘fread’, declared with attribute warn_unused_result [-Wunused-result]
     src/rw.c:64:3: warning: ignoring return value of ‘fread’, declared with attribute warn_unused_result [-Wunused-result]
     src/rw.c:65:3: warning: ignoring return value of ‘fread’, declared with attribute warn_unused_result [-Wunused-result]
     src/rw.c:66:3: warning: ignoring return value of ‘fread’, declared with attribute warn_unused_result [-Wunused-result]
     src/rw.c:67:3: warning: ignoring return value of ‘fread’, declared with attribute warn_unused_result [-Wunused-result]
     src/rw.c:68:3: warning: ignoring return value of ‘fread’, declared with attribute warn_unused_result [-Wunused-result]
     src/rw.c:69:3: warning: ignoring return value of ‘fread’, declared with attribute warn_unused_result [-Wunused-result]
     src/rw.c:70:3: warning: ignoring return value of ‘fread’, declared with attribute warn_unused_result [-Wunused-result]
     src/rw.c:86:3: warning: ignoring return value of ‘fread’, declared with attribute warn_unused_result [-Wunused-result]
     src/rw.c:87:3: warning: ignoring return value of ‘fread’, declared with attribute warn_unused_result [-Wunused-result]
     src/rw.c:89:3: warning: ignoring return value of ‘fread’, declared with attribute warn_unused_result [-Wunused-result]
     src/rw.c:93:3: warning: ignoring return value of ‘fread’, declared with attribute warn_unused_result [-Wunused-result]
     src/rw.c:94:3: warning: ignoring return value of ‘fread’, declared with attribute warn_unused_result [-Wunused-result]
Flavor: r-devel-linux-x86_64-fedora-gcc

Version: 1.3-1
Check: whether package can be installed
Result: ERROR
    Installation failed.
Flavor: r-patched-solaris-x86