CRAN Package Check Results for Package secure

Last updated on 2020-09-15 02:53:29 CEST.

Flavor Version Tinstall Tcheck Ttotal Status Flags
r-devel-linux-x86_64-debian-clang 0.5 44.10 34.24 78.34 NOTE
r-devel-linux-x86_64-debian-gcc 0.5 36.64 26.86 63.50 NOTE
r-devel-linux-x86_64-fedora-clang 0.5 116.93 NOTE
r-devel-linux-x86_64-fedora-gcc 0.5 101.60 NOTE
r-devel-windows-ix86+x86_64 0.5 71.00 87.00 158.00 OK
r-patched-linux-x86_64 0.5 39.09 33.86 72.95 NOTE
r-patched-solaris-x86 0.5 106.40 OK
r-release-linux-x86_64 0.5 39.98 34.23 74.21 NOTE
r-release-macos-x86_64 0.5 OK
r-release-windows-ix86+x86_64 0.5 70.00 88.00 158.00 OK
r-oldrel-macos-x86_64 0.5 OK
r-oldrel-windows-ix86+x86_64 0.5 59.00 78.00 137.00 OK

Check Details

Version: 0.5
Check: use of SHLIB_OPENMP_*FLAGS in Makefiles
Result: NOTE
     src/Makevars: SHLIB_OPENMP_CFLAGS is included in PKG_LIBS but linking is by C++
    Use of these macros is discussed in sect 1.2.1.1 of 'Writing R
    Extensions'. The macros for different languages may differ so the
    matching macro must be used in PKG_CXXFLAGS (etc) and match that used
    in PKG_LIBS (except for Fortran: see the manual).
Flavors: r-devel-linux-x86_64-debian-clang, r-devel-linux-x86_64-debian-gcc, r-devel-linux-x86_64-fedora-clang, r-devel-linux-x86_64-fedora-gcc, r-patched-linux-x86_64, r-release-linux-x86_64