CRAN Package Check Results for Package seewave

Last updated on 2020-11-22 00:46:47 CET.

Flavor Version Tinstall Tcheck Ttotal Status Flags
r-devel-linux-x86_64-debian-clang 2.1.6 18.49 142.51 161.00 OK
r-devel-linux-x86_64-debian-gcc 2.1.6 12.61 112.72 125.33 OK
r-devel-linux-x86_64-fedora-clang 2.1.6 198.28 OK
r-devel-linux-x86_64-fedora-gcc 2.1.6 187.15 OK
r-devel-windows-ix86+x86_64 2.1.6 23.00 144.00 167.00 OK
r-patched-linux-x86_64 2.1.6 18.11 140.30 158.41 OK
r-patched-solaris-x86 2.1.6 229.70 OK
r-release-linux-x86_64 2.1.6 18.48 142.00 160.48 OK
r-release-macos-x86_64 2.1.6 NOTE
r-release-windows-ix86+x86_64 2.1.6 19.00 178.00 197.00 OK
r-oldrel-macos-x86_64 2.1.6 NOTE
r-oldrel-windows-ix86+x86_64 2.1.6 19.00 158.00 177.00 OK

Check Details

Version: 2.1.6
Check: package dependencies
Result: NOTE
    Package suggested but not available for checking: ‘rpanel’
Flavors: r-release-macos-x86_64, r-oldrel-macos-x86_64