CRAN Package Check Results for Package sendmailR

Last updated on 2019-10-17 02:47:35 CEST.

Flavor Version Tinstall Tcheck Ttotal Status Flags
r-devel-linux-x86_64-debian-clang 1.2-1 1.89 17.65 19.54 NOTE
r-devel-linux-x86_64-debian-gcc 1.2-1 1.47 14.45 15.92 NOTE
r-devel-linux-x86_64-fedora-clang 1.2-1 26.69 NOTE
r-devel-linux-x86_64-fedora-gcc 1.2-1 24.20 NOTE
r-devel-windows-ix86+x86_64 1.2-1 8.00 28.00 36.00 NOTE
r-patched-linux-x86_64 1.2-1 1.74 17.44 19.18 NOTE
r-patched-solaris-x86 1.2-1 38.00 NOTE
r-release-linux-x86_64 1.2-1 1.67 17.53 19.20 NOTE
r-release-windows-ix86+x86_64 1.2-1 4.00 41.00 45.00 NOTE
r-release-osx-x86_64 1.2-1 NOTE
r-oldrel-windows-ix86+x86_64 1.2-1 3.00 30.00 33.00 NOTE
r-oldrel-osx-x86_64 1.2-1 NOTE

Check Details

Version: 1.2-1
Check: R code for possible problems
Result: NOTE
    .plot_attachment: no visible global function definition for 'dev.off'
    .update_list: no visible global function definition for 'modifyList'
    mime_part.data.frame: no visible global function definition for
     'write.table'
    mime_part.ggplot: no visible binding for global variable 'pdf'
    mime_part.matrix: no visible global function definition for
     'write.table'
    mime_part.trellis: no visible binding for global variable 'pdf'
    Undefined global functions or variables:
     dev.off modifyList pdf write.table
    Consider adding
     importFrom("grDevices", "dev.off", "pdf")
     importFrom("utils", "modifyList", "write.table")
    to your NAMESPACE file.
Flavors: r-devel-linux-x86_64-debian-clang, r-devel-linux-x86_64-debian-gcc, r-devel-linux-x86_64-fedora-clang, r-devel-linux-x86_64-fedora-gcc, r-devel-windows-ix86+x86_64, r-patched-linux-x86_64, r-patched-solaris-x86, r-release-linux-x86_64, r-release-windows-ix86+x86_64, r-release-osx-x86_64, r-oldrel-windows-ix86+x86_64, r-oldrel-osx-x86_64