CRAN Package Check Results for Package sentometrics

Last updated on 2020-06-03 01:50:58 CEST.

Flavor Version Tinstall Tcheck Ttotal Status Flags
r-devel-linux-x86_64-debian-clang 0.8.1 95.21 215.53 310.74 NOTE
r-devel-linux-x86_64-debian-gcc 0.8.1 74.45 245.94 320.39 NOTE
r-devel-linux-x86_64-fedora-clang 0.8.1 472.34 NOTE
r-devel-linux-x86_64-fedora-gcc 0.8.1 417.46 NOTE
r-devel-windows-ix86+x86_64 0.8.1 233.00 548.00 781.00 NOTE
r-patched-linux-x86_64 0.8.1 77.07 269.29 346.36 NOTE
r-patched-solaris-x86 0.8.1 525.50 NOTE
r-release-linux-x86_64 0.8.1 82.55 267.20 349.75 NOTE
r-release-osx-x86_64 0.8.1 NOTE
r-release-windows-ix86+x86_64 0.8.1 180.00 388.00 568.00 NOTE
r-oldrel-osx-x86_64 0.8.1 NOTE
r-oldrel-windows-ix86+x86_64 0.8.1 183.00 378.00 561.00 NOTE

Check Details

Version: 0.8.1
Check: for GNU extensions in Makefiles
Result: NOTE
    GNU make is a SystemRequirements.
Flavors: r-devel-linux-x86_64-debian-clang, r-devel-linux-x86_64-debian-gcc, r-devel-linux-x86_64-fedora-clang, r-devel-linux-x86_64-fedora-gcc, r-devel-windows-ix86+x86_64, r-patched-linux-x86_64, r-patched-solaris-x86, r-release-linux-x86_64, r-release-osx-x86_64, r-release-windows-ix86+x86_64, r-oldrel-osx-x86_64, r-oldrel-windows-ix86+x86_64

Version: 0.8.1
Check: installed package size
Result: NOTE
     installed size is 8.5Mb
     sub-directories of 1Mb or more:
     data 2.3Mb
     libs 5.3Mb
Flavors: r-devel-linux-x86_64-fedora-clang, r-devel-windows-ix86+x86_64, r-release-osx-x86_64, r-release-windows-ix86+x86_64, r-oldrel-osx-x86_64, r-oldrel-windows-ix86+x86_64

Version: 0.8.1
Check: data for non-ASCII characters
Result: NOTE
     Note: found 4436 marked UTF-8 strings
Flavors: r-devel-linux-x86_64-fedora-clang, r-devel-linux-x86_64-fedora-gcc, r-patched-solaris-x86, r-release-osx-x86_64, r-oldrel-osx-x86_64