CRAN Package Check Results for Package sglOptim

Last updated on 2020-06-03 01:50:58 CEST.

Flavor Version Tinstall Tcheck Ttotal Status Flags
r-devel-linux-x86_64-debian-clang 1.3.8 79.83 58.54 138.37 OK
r-devel-linux-x86_64-debian-gcc 1.3.8 56.16 57.25 113.41 OK
r-devel-linux-x86_64-fedora-clang 1.3.8 223.54 NOTE
r-devel-linux-x86_64-fedora-gcc 1.3.8 180.10 OK
r-devel-windows-ix86+x86_64 1.3.8 146.00 177.00 323.00 OK
r-patched-linux-x86_64 1.3.8 57.76 71.89 129.65 OK
r-patched-solaris-x86 1.3.8 198.10 OK
r-release-linux-x86_64 1.3.8 58.73 72.16 130.89 OK
r-release-osx-x86_64 1.3.8 NOTE
r-release-windows-ix86+x86_64 1.3.8 122.00 150.00 272.00 OK
r-oldrel-osx-x86_64 1.3.8 NOTE
r-oldrel-windows-ix86+x86_64 1.3.8 126.00 100.00 226.00 OK

Check Details

Version: 1.3.8
Check: installed package size
Result: NOTE
     installed size is 11.8Mb
     sub-directories of 1Mb or more:
     libs 10.3Mb
Flavors: r-devel-linux-x86_64-fedora-clang, r-release-osx-x86_64, r-oldrel-osx-x86_64