CRAN Package Check Results for Package shiny

Last updated on 2020-05-26 01:58:02 CEST.

Flavor Version Tinstall Tcheck Ttotal Status Flags
r-devel-linux-x86_64-debian-clang 1.4.0.2 40.30 95.59 135.89 OK
r-devel-linux-x86_64-debian-gcc 1.4.0.2 31.03 73.25 104.28 OK
r-devel-linux-x86_64-fedora-clang 1.4.0.2 159.99 NOTE
r-devel-linux-x86_64-fedora-gcc 1.4.0.2 159.73 OK
r-devel-windows-ix86+x86_64 1.4.0.2 75.00 128.00 203.00 NOTE
r-patched-linux-x86_64 1.4.0.2 36.14 95.59 131.73 OK
r-patched-solaris-x86 1.4.0.2 203.10 NOTE
r-release-linux-x86_64 1.4.0.2 34.96 94.18 129.14 OK
r-release-osx-x86_64 1.4.0.2 NOTE
r-release-windows-ix86+x86_64 1.4.0.2 54.00 166.00 220.00 NOTE
r-oldrel-osx-x86_64 1.4.0.2 NOTE
r-oldrel-windows-ix86+x86_64 1.4.0.2 51.00 178.00 229.00 NOTE

Check Details

Version: 1.4.0.2
Check: installed package size
Result: NOTE
     installed size is 10.9Mb
     sub-directories of 1Mb or more:
     R 1.5Mb
     www 8.3Mb
Flavors: r-devel-linux-x86_64-fedora-clang, r-devel-windows-ix86+x86_64, r-patched-solaris-x86, r-release-osx-x86_64, r-release-windows-ix86+x86_64, r-oldrel-osx-x86_64, r-oldrel-windows-ix86+x86_64