CRAN Package Check Results for Package shiny.router

Last updated on 2020-07-12 18:50:08 CEST.

Flavor Version Tinstall Tcheck Ttotal Status Flags
r-devel-linux-x86_64-debian-clang 0.1.1 2.76 31.10 33.86 OK
r-devel-linux-x86_64-debian-gcc 0.1.1 2.62 24.96 27.58 OK
r-devel-linux-x86_64-fedora-clang 0.1.1 50.18 NOTE
r-devel-linux-x86_64-fedora-gcc 0.1.1 40.10 NOTE
r-devel-windows-ix86+x86_64 0.1.1 10.00 65.00 75.00 OK
r-patched-linux-x86_64 0.1.1 3.12 31.86 34.98 OK
r-patched-solaris-x86 0.1.1 64.70 NOTE
r-release-linux-x86_64 0.1.1 2.70 31.81 34.51 OK
r-release-macos-x86_64 0.1.1 NOTE
r-release-windows-ix86+x86_64 0.1.1 14.00 49.00 63.00 OK
r-oldrel-macos-x86_64 0.1.1 NOTE
r-oldrel-windows-ix86+x86_64 0.1.1 11.00 47.00 58.00 OK

Check Details

Version: 0.1.1
Check: dependencies in R code
Result: NOTE
    Namespace in Imports field not imported from: ‘magrittr’
     All declared Imports should be used.
Flavors: r-devel-linux-x86_64-fedora-clang, r-devel-linux-x86_64-fedora-gcc, r-patched-solaris-x86, r-release-macos-x86_64, r-oldrel-macos-x86_64