CRAN Package Check Results for Package shiny.semantic

Last updated on 2019-10-20 01:47:02 CEST.

Flavor Version Tinstall Tcheck Ttotal Status Flags
r-devel-linux-x86_64-debian-clang 0.2.1 2.66 28.75 31.41 OK
r-devel-linux-x86_64-debian-gcc 0.2.1 2.55 23.24 25.79 OK
r-devel-linux-x86_64-fedora-clang 0.2.1 39.58 NOTE
r-devel-linux-x86_64-fedora-gcc 0.2.1 44.35 NOTE
r-devel-windows-ix86+x86_64 0.2.1 10.00 70.00 80.00 OK
r-patched-linux-x86_64 0.2.1 3.06 28.28 31.34 OK
r-patched-solaris-x86 0.2.1 61.40 NOTE
r-release-linux-x86_64 0.2.1 2.40 28.46 30.86 OK
r-release-windows-ix86+x86_64 0.2.1 6.00 42.00 48.00 OK
r-release-osx-x86_64 0.2.1 NOTE
r-oldrel-windows-ix86+x86_64 0.2.1 5.00 43.00 48.00 OK
r-oldrel-osx-x86_64 0.2.1 NOTE

Check Details

Version: 0.2.1
Check: dependencies in R code
Result: NOTE
    Namespace in Imports field not imported from: ‘utils’
     All declared Imports should be used.
Flavors: r-devel-linux-x86_64-fedora-clang, r-devel-linux-x86_64-fedora-gcc, r-patched-solaris-x86, r-release-osx-x86_64, r-oldrel-osx-x86_64