CRAN Package Check Results for Package shiny.semantic

Last updated on 2020-06-03 01:50:58 CEST.

Flavor Version Tinstall Tcheck Ttotal Status Flags
r-devel-linux-x86_64-debian-clang 0.3.0 4.60 34.77 39.37 OK
r-devel-linux-x86_64-debian-gcc 0.3.0 3.23 29.60 32.83 OK
r-devel-linux-x86_64-fedora-clang 0.3.0 61.20 NOTE
r-devel-linux-x86_64-fedora-gcc 0.3.0 49.96 OK
r-devel-windows-ix86+x86_64 0.3.0 16.00 91.00 107.00 NOTE
r-patched-linux-x86_64 0.3.0 5.03 37.36 42.39 OK
r-patched-solaris-x86 0.3.0 76.30 NOTE
r-release-linux-x86_64 0.3.0 4.25 37.62 41.87 OK
r-release-osx-x86_64 0.3.0 NOTE
r-release-windows-ix86+x86_64 0.3.0 10.00 53.00 63.00 NOTE
r-oldrel-osx-x86_64 0.3.0 NOTE
r-oldrel-windows-ix86+x86_64 0.3.0 10.00 53.00 63.00 NOTE

Check Details

Version: 0.3.0
Check: installed package size
Result: NOTE
     installed size is 8.3Mb
     sub-directories of 1Mb or more:
     www 8.0Mb
Flavors: r-devel-linux-x86_64-fedora-clang, r-devel-windows-ix86+x86_64, r-patched-solaris-x86, r-release-osx-x86_64, r-release-windows-ix86+x86_64, r-oldrel-osx-x86_64, r-oldrel-windows-ix86+x86_64