CRAN Package Check Results for Package shinyKGode

Last updated on 2019-10-21 05:47:13 CEST.

Flavor Version Tinstall Tcheck Ttotal Status Flags
r-devel-linux-x86_64-debian-clang 1.0.5 1.77 17.03 18.80 OK
r-devel-linux-x86_64-debian-gcc 1.0.5 1.64 14.22 15.86 OK
r-devel-linux-x86_64-fedora-clang 1.0.5 24.09 NOTE
r-devel-linux-x86_64-fedora-gcc 1.0.5 23.24 NOTE
r-devel-windows-ix86+x86_64 1.0.5 7.00 48.00 55.00 OK
r-patched-linux-x86_64 1.0.5 1.61 16.91 18.52 OK
r-patched-solaris-x86 1.0.5 37.80 NOTE
r-release-linux-x86_64 1.0.5 1.59 17.15 18.74 OK
r-release-windows-ix86+x86_64 1.0.5 8.00 31.00 39.00 OK
r-release-osx-x86_64 1.0.5 NOTE
r-oldrel-windows-ix86+x86_64 1.0.5 3.00 32.00 35.00 OK
r-oldrel-osx-x86_64 1.0.5 NOTE

Check Details

Version: 1.0.5
Check: dependencies in R code
Result: NOTE
    Namespaces in Imports field not imported from:
     ‘KGode’ ‘XML’ ‘ggplot2’ ‘gridExtra’ ‘mvtnorm’ ‘reshape2’ ‘shinyjs’
     All declared Imports should be used.
Flavors: r-devel-linux-x86_64-fedora-clang, r-devel-linux-x86_64-fedora-gcc, r-patched-solaris-x86, r-release-osx-x86_64, r-oldrel-osx-x86_64