CRAN Package Check Results for Package shinyKGode

Last updated on 2020-06-01 01:51:09 CEST.

Flavor Version Tinstall Tcheck Ttotal Status Flags
r-devel-linux-x86_64-debian-clang 1.0.5 2.15 18.85 21.00 OK
r-devel-linux-x86_64-debian-gcc 1.0.5 1.48 15.20 16.68 OK
r-devel-linux-x86_64-fedora-clang 1.0.5 35.93 NOTE
r-devel-linux-x86_64-fedora-gcc 1.0.5 25.21 NOTE
r-devel-windows-ix86+x86_64 1.0.5 12.00 91.00 103.00 OK
r-patched-linux-x86_64 1.0.5 2.07 19.13 21.20 OK
r-patched-solaris-x86 1.0.5 41.20 NOTE
r-release-linux-x86_64 1.0.5 2.21 19.81 22.02 OK
r-release-osx-x86_64 1.0.5 NOTE
r-release-windows-ix86+x86_64 1.0.5 8.00 45.00 53.00 OK
r-oldrel-osx-x86_64 1.0.5 NOTE
r-oldrel-windows-ix86+x86_64 1.0.5 5.00 35.00 40.00 OK

Check Details

Version: 1.0.5
Check: dependencies in R code
Result: NOTE
    Namespaces in Imports field not imported from:
     ‘KGode’ ‘XML’ ‘ggplot2’ ‘gridExtra’ ‘mvtnorm’ ‘reshape2’ ‘shinyjs’
     All declared Imports should be used.
Flavors: r-devel-linux-x86_64-fedora-clang, r-devel-linux-x86_64-fedora-gcc, r-patched-solaris-x86, r-release-osx-x86_64, r-oldrel-osx-x86_64