CRAN Package Check Results for Package sidier

Last updated on 2020-07-04 02:50:40 CEST.

Flavor Version Tinstall Tcheck Ttotal Status Flags
r-devel-linux-x86_64-debian-clang 4.0.3 14.61 100.12 114.73 NOTE
r-devel-linux-x86_64-debian-gcc 4.0.3 9.79 74.13 83.92 NOTE
r-devel-linux-x86_64-fedora-clang 4.0.3 141.84 NOTE
r-devel-linux-x86_64-fedora-gcc 4.0.3 130.54 NOTE
r-devel-windows-ix86+x86_64 4.0.3 38.00 103.00 141.00 OK
r-patched-linux-x86_64 4.0.3 12.18 97.68 109.86 NOTE
r-patched-solaris-x86 4.0.3 176.70 NOTE
r-release-linux-x86_64 4.0.3 12.23 97.64 109.87 NOTE
r-release-osx-x86_64 4.0.3 OK
r-release-windows-ix86+x86_64 4.0.3 24.00 108.00 132.00 OK
r-oldrel-osx-x86_64 4.0.3 OK
r-oldrel-windows-ix86+x86_64 4.0.3 36.00 134.00 170.00 OK

Check Details

Version: 4.0.3
Check: for non-standard things in the check directory
Result: NOTE
    Found the following files/directories:
     '3_FindHaplo_Example2_modified.txt'
     '4_Example3_HapPerPop_Weighted.txt'
     '4_Example3_IndelDistanceMatrixMullerMod.txt'
     '4_FindHaplo_Example2_modified.txt' 'FindHaplo.txt'
     'Haplotypes_DefaultNames.txt' 'Haplotypes_sequentialNames.txt'
     'Interaction.txt' 'Modules_summary.txt'
     'NINA.ThresholdEstimation.txt' 'NINA_Network.pdf' 'Network.pdf'
     'PercThr Estimation.pdf' 'PercThresholdEstimation.txt'
     'PercolatedNetwork.pdf' 'PopulationDistances.r.txt' 'Weighted.txt'
     'ex1.fas' 'ex2.2.fas' 'ex2.fas' 'ex2_unique.fas' 'ex3.fas'
     'simulated_sequences_rep1.fas' 'simulated_sequences_rep2.fas'
     'simulated_sequences_tips_rep1.fas'
     'simulated_sequences_tips_rep2.fas'
Flavors: r-devel-linux-x86_64-debian-clang, r-devel-linux-x86_64-debian-gcc, r-devel-linux-x86_64-fedora-clang, r-devel-linux-x86_64-fedora-gcc, r-patched-linux-x86_64, r-patched-solaris-x86, r-release-linux-x86_64