CRAN Package Check Results for Package simmer

Last updated on 2020-05-28 01:53:29 CEST.

Flavor Version Tinstall Tcheck Ttotal Status Flags
r-devel-linux-x86_64-debian-clang 4.4.1 125.61 107.38 232.99 OK
r-devel-linux-x86_64-debian-gcc 4.4.1 112.56 82.39 194.95 OK
r-devel-linux-x86_64-fedora-clang 4.4.1 310.37 NOTE
r-devel-linux-x86_64-fedora-gcc 4.4.1 321.47 OK
r-devel-windows-ix86+x86_64 4.4.1 335.00 182.00 517.00 NOTE
r-patched-linux-x86_64 4.4.1 114.72 106.20 220.92 OK
r-patched-solaris-x86 4.4.1 309.40 OK
r-release-linux-x86_64 4.4.1 116.51 105.80 222.31 OK
r-release-osx-x86_64 4.4.1 NOTE
r-release-windows-ix86+x86_64 4.4.1 237.00 209.00 446.00 NOTE
r-oldrel-osx-x86_64 4.4.1 NOTE
r-oldrel-windows-ix86+x86_64 4.4.1 327.00 160.00 487.00 NOTE

Check Details

Version: 4.4.1
Check: installed package size
Result: NOTE
     installed size is 15.5Mb
     sub-directories of 1Mb or more:
     doc 1.8Mb
     libs 13.2Mb
Flavors: r-devel-linux-x86_64-fedora-clang, r-devel-windows-ix86+x86_64, r-release-osx-x86_64, r-release-windows-ix86+x86_64, r-oldrel-osx-x86_64, r-oldrel-windows-ix86+x86_64