CRAN Package Check Results for Package simsalapar

Last updated on 2019-11-21 00:50:10 CET.

Flavor Version Tinstall Tcheck Ttotal Status Flags
r-devel-linux-x86_64-debian-clang 1.0-10 5.34 35.49 40.83 NOTE --no-tests
r-devel-linux-x86_64-debian-gcc 1.0-10 4.51 29.74 34.25 NOTE --no-tests
r-devel-linux-x86_64-fedora-clang 1.0-10 49.41 NOTE --no-tests
r-devel-linux-x86_64-fedora-gcc 1.0-10 49.02 NOTE --no-tests
r-devel-windows-ix86+x86_64 1.0-10 14.00 127.00 141.00 OK
r-devel-windows-ix86+x86_64-gcc8 1.0-10 14.00 103.00 117.00 OK
r-patched-linux-x86_64 1.0-10 5.02 33.98 39.00 OK --no-tests
r-patched-solaris-x86 1.0-10 253.50 OK
r-release-linux-x86_64 1.0-10 4.74 34.60 39.34 OK --no-tests
r-release-windows-ix86+x86_64 1.0-10 12.00 129.00 141.00 OK
r-release-osx-x86_64 1.0-10 NOTE
r-oldrel-windows-ix86+x86_64 1.0-10 9.00 115.00 124.00 OK
r-oldrel-osx-x86_64 1.0-10 NOTE

Check Details

Version: 1.0-10
Flags: --no-tests
Check: for non-standard things in the check directory
Result: NOTE
    Found the following files/directories:
     'crop_device.pdf'
Flavors: r-devel-linux-x86_64-debian-clang, r-devel-linux-x86_64-debian-gcc, r-devel-linux-x86_64-fedora-clang, r-devel-linux-x86_64-fedora-gcc

Version: 1.0-10
Check: package dependencies
Result: NOTE
    Package suggested but not available for checking: ‘Rmpi’
Flavors: r-release-osx-x86_64, r-oldrel-osx-x86_64

Version: 1.0-10
Check: Rd cross-references
Result: NOTE
    Package unavailable to check Rd xrefs: ‘Rmpi’
Flavors: r-release-osx-x86_64, r-oldrel-osx-x86_64