CRAN Package Check Results for Package sjmisc

Last updated on 2020-05-25 01:49:04 CEST.

Flavor Version Tinstall Tcheck Ttotal Status Flags
r-devel-linux-x86_64-debian-clang 2.8.4 8.96 120.00 128.96 OK
r-devel-linux-x86_64-debian-gcc 2.8.4 7.78 94.32 102.10 OK
r-devel-linux-x86_64-fedora-clang 2.8.4 160.82 OK
r-devel-linux-x86_64-fedora-gcc 2.8.4 137.63 OK
r-devel-windows-ix86+x86_64 2.8.4 24.00 177.00 201.00 OK
r-patched-linux-x86_64 2.8.4 8.96 115.85 124.81 OK
r-patched-solaris-x86 2.8.4 194.00 OK
r-release-linux-x86_64 2.8.4 8.91 116.82 125.73 OK
r-release-osx-x86_64 2.8.4 NOTE
r-release-windows-ix86+x86_64 2.8.4 26.00 189.00 215.00 OK
r-oldrel-osx-x86_64 2.8.4 OK
r-oldrel-windows-ix86+x86_64 2.8.4 16.00 146.00 162.00 OK

Check Details

Version: 2.8.4
Check: Rd cross-references
Result: NOTE
    Package unavailable to check Rd xrefs: ‘haven’
Flavor: r-release-osx-x86_64