CRAN Package Check Results for Package slim

Last updated on 2022-01-17 00:48:48 CET.

Flavor Version Tinstall Tcheck Ttotal Status Flags
r-devel-linux-x86_64-debian-clang 0.1.1 3.01 64.15 67.16 OK
r-devel-linux-x86_64-debian-gcc 0.1.1 2.01 48.36 50.37 OK
r-devel-linux-x86_64-fedora-clang 0.1.1 79.41 OK
r-devel-linux-x86_64-fedora-gcc 0.1.1 71.11 OK
r-devel-windows-x86_64-new-UL 0.1.1 29.00 111.00 140.00 OK
r-devel-windows-x86_64-new-TK 0.1.1 WARN
r-patched-linux-x86_64 0.1.1 3.12 59.17 62.29 OK
r-release-linux-x86_64 0.1.1 OK
r-release-macos-arm64 0.1.1 OK
r-release-macos-x86_64 0.1.1 OK
r-release-windows-ix86+x86_64 0.1.1 7.00 85.00 92.00 OK
r-oldrel-macos-x86_64 0.1.1 OK
r-oldrel-windows-ix86+x86_64 0.1.1 6.00 86.00 92.00 OK

Check Details

Version: 0.1.1
Check: package dependencies
Result: NOTE
    Package suggested but not available for checking: 'lme4'
Flavor: r-devel-windows-x86_64-new-TK

Version: 0.1.1
Check: re-building of vignette outputs
Result: WARN
    Error(s) in re-building vignettes:
    --- re-building 'slim.Rmd' using rmarkdown
    Quitting from lines 168-175 (slim.Rmd)
    Error: processing vignette 'slim.Rmd' failed with diagnostics:
    there is no package called 'lme4'
    --- failed re-building 'slim.Rmd'
    
    SUMMARY: processing the following file failed:
     'slim.Rmd'
    
    Error: Vignette re-building failed.
    Execution halted
Flavor: r-devel-windows-x86_64-new-TK