CRAN Package Check Results for Package smartR

Last updated on 2019-10-22 01:49:39 CEST.

Flavor Version Tinstall Tcheck Ttotal Status Flags
r-devel-linux-x86_64-debian-clang 0.62.0 40.17 244.51 284.68 OK
r-devel-linux-x86_64-debian-gcc 0.62.0 36.43 185.28 221.71 OK
r-devel-linux-x86_64-fedora-clang 0.62.0 359.54 OK
r-devel-linux-x86_64-fedora-gcc 0.62.0 336.80 OK
r-devel-windows-ix86+x86_64 0.62.0 98.00 9.00 107.00 ERROR
r-patched-linux-x86_64 0.62.0 36.90 234.45 271.35 OK
r-patched-solaris-x86 0.62.0 538.90 OK
r-release-linux-x86_64 0.62.0 38.81 236.90 275.71 OK
r-release-windows-ix86+x86_64 0.62.0 105.00 225.00 330.00 OK
r-release-osx-x86_64 0.62.0 ERROR
r-oldrel-windows-ix86+x86_64 0.62.0 51.00 228.00 279.00 OK
r-oldrel-osx-x86_64 0.62.0 ERROR

Check Details

Version: 0.62.0
Check: whether package can be installed
Result: ERROR
    Installation failed.
Flavor: r-devel-windows-ix86+x86_64

Version: 0.62.0
Check: package dependencies
Result: ERROR
    Package required but not available: ‘gWidgets2RGtk2’
    
    See section ‘The DESCRIPTION file’ in the ‘Writing R Extensions’
    manual.
Flavors: r-release-osx-x86_64, r-oldrel-osx-x86_64