CRAN Package Check Results for Package smartR

Last updated on 2020-06-01 01:51:10 CEST.

Flavor Version Tinstall Tcheck Ttotal Status Flags
r-devel-linux-x86_64-debian-clang 0.62.3 43.39 285.69 329.08 OK
r-devel-linux-x86_64-debian-gcc 0.62.3 35.03 217.44 252.47 OK
r-devel-linux-x86_64-fedora-clang 0.62.3 432.80 NOTE
r-devel-linux-x86_64-fedora-gcc 0.62.3 393.49 OK
r-devel-windows-ix86+x86_64 0.62.3 130.00 357.00 487.00 NOTE
r-patched-linux-x86_64 0.62.3 42.49 279.50 321.99 OK
r-patched-solaris-x86 0.62.3 634.80 NOTE
r-release-linux-x86_64 0.62.3 46.02 279.52 325.54 OK
r-release-osx-x86_64 0.62.3 NOTE
r-release-windows-ix86+x86_64 0.62.3 77.00 270.00 347.00 NOTE
r-oldrel-osx-x86_64 0.62.3 ERROR
r-oldrel-windows-ix86+x86_64 0.62.3 81.00 269.00 350.00 NOTE

Check Details

Version: 0.62.3
Check: package dependencies
Result: NOTE
    Imports includes 35 non-default packages.
    Importing from so many packages makes the package vulnerable to any of
    them becoming unavailable. Move as many as possible to Suggests and
    use conditionally.
Flavor: r-devel-linux-x86_64-fedora-clang

Version: 0.62.3
Check: installed package size
Result: NOTE
     installed size is 5.4Mb
     sub-directories of 1Mb or more:
     doc 2.6Mb
     extdata 1.3Mb
Flavors: r-devel-linux-x86_64-fedora-clang, r-devel-windows-ix86+x86_64, r-patched-solaris-x86, r-release-osx-x86_64, r-release-windows-ix86+x86_64, r-oldrel-windows-ix86+x86_64

Version: 0.62.3
Check: package dependencies
Result: ERROR
    Package required but not available: ‘gWidgets2RGtk2’
    
    See section ‘The DESCRIPTION file’ in the ‘Writing R Extensions’
    manual.
Flavor: r-oldrel-osx-x86_64