CRAN Package Check Results for Package sodium

Last updated on 2020-05-28 01:53:29 CEST.

Flavor Version Tinstall Tcheck Ttotal Status Flags
r-devel-linux-x86_64-debian-clang 1.1 4.41 23.85 28.26 OK
r-devel-linux-x86_64-debian-gcc 1.1 3.17 19.46 22.63 OK
r-devel-linux-x86_64-fedora-clang 1.1 37.27 NOTE
r-devel-linux-x86_64-fedora-gcc 1.1 35.17 NOTE
r-devel-windows-ix86+x86_64 1.1 31.00 54.00 85.00 OK
r-patched-linux-x86_64 1.1 3.93 24.40 28.33 OK
r-patched-solaris-x86 1.1 52.70 OK
r-release-linux-x86_64 1.1 4.05 24.17 28.22 OK
r-release-osx-x86_64 1.1 OK
r-release-windows-ix86+x86_64 1.1 23.00 63.00 86.00 OK
r-oldrel-osx-x86_64 1.1 OK
r-oldrel-windows-ix86+x86_64 1.1 40.00 48.00 88.00 OK

Check Details

Version: 1.1
Check: top-level files
Result: NOTE
    ‘configure’: /bin/bash is not portable
Flavors: r-devel-linux-x86_64-fedora-clang, r-devel-linux-x86_64-fedora-gcc