CRAN Package Check Results for Package solrium

Last updated on 2019-10-19 01:50:26 CEST.

Flavor Version Tinstall Tcheck Ttotal Status Flags
r-devel-linux-x86_64-debian-clang 1.0.2 6.20 48.87 55.07 OK
r-devel-linux-x86_64-debian-gcc 1.0.2 6.42 38.02 44.44 OK
r-devel-linux-x86_64-fedora-clang 1.0.2 73.23 OK
r-devel-linux-x86_64-fedora-gcc 1.0.2 67.78 OK
r-devel-windows-ix86+x86_64 1.0.2 23.00 67.00 90.00 OK
r-patched-linux-x86_64 1.0.2 8.03 47.19 55.22 OK
r-patched-solaris-x86 1.0.2 102.00 OK
r-release-linux-x86_64 1.0.2 6.59 47.74 54.33 OK
r-release-windows-ix86+x86_64 1.0.2 13.00 103.00 116.00 OK
r-release-osx-x86_64 1.0.2 NOTE
r-oldrel-windows-ix86+x86_64 1.0.2 10.00 63.00 73.00 OK
r-oldrel-osx-x86_64 1.0.2 OK

Check Details

Version: 1.0.2
Check: package dependencies
Result: NOTE
    Package suggested but not available for checking: ‘roxygen2’
Flavor: r-release-osx-x86_64