CRAN Package Check Results for Package spaMM

Last updated on 2019-10-22 01:49:39 CEST.

Flavor Version Tinstall Tcheck Ttotal Status Flags
r-devel-linux-x86_64-debian-clang 3.0.0 149.47 182.83 332.30 OK
r-devel-linux-x86_64-debian-gcc 3.0.0 135.46 145.12 280.58 OK
r-devel-linux-x86_64-fedora-clang 3.0.0 432.24 NOTE
r-devel-linux-x86_64-fedora-gcc 3.0.0 446.72 OK
r-devel-windows-ix86+x86_64 3.0.0 216.00 304.00 520.00 OK
r-patched-linux-x86_64 3.0.0 152.16 190.87 343.03 OK
r-patched-solaris-x86 3.0.0 481.10 OK
r-release-linux-x86_64 3.0.0 153.20 192.00 345.20 OK
r-release-windows-ix86+x86_64 3.0.0 284.00 225.00 509.00 OK
r-release-osx-x86_64 3.0.0 NOTE
r-oldrel-windows-ix86+x86_64 3.0.0 189.00 195.00 384.00 OK
r-oldrel-osx-x86_64 3.0.0 NOTE

Check Details

Version: 3.0.0
Check: installed package size
Result: NOTE
     installed size is 34.5Mb
     sub-directories of 1Mb or more:
     R 1.4Mb
     libs 32.1Mb
Flavors: r-devel-linux-x86_64-fedora-clang, r-release-osx-x86_64, r-oldrel-osx-x86_64