CRAN Package Check Results for Package spaMM

Last updated on 2020-06-05 01:50:16 CEST.

Flavor Version Tinstall Tcheck Ttotal Status Flags
r-devel-linux-x86_64-debian-clang 3.3.0 189.52 230.93 420.45 OK
r-devel-linux-x86_64-debian-gcc 3.3.0 151.24 172.52 323.76 OK
r-devel-linux-x86_64-fedora-clang 3.3.0 546.64 NOTE
r-devel-linux-x86_64-fedora-gcc 3.3.0 555.67 OK
r-devel-windows-ix86+x86_64 3.3.0 349.00 378.00 727.00 NOTE
r-patched-linux-x86_64 3.3.0 165.75 238.14 403.89 OK
r-patched-solaris-x86 3.3.0 542.00 OK
r-release-linux-x86_64 3.3.0 162.82 234.33 397.15 OK
r-release-osx-x86_64 3.3.0 NOTE
r-release-windows-ix86+x86_64 3.3.0 259.00 268.00 527.00 NOTE
r-oldrel-osx-x86_64 3.3.0 NOTE
r-oldrel-windows-ix86+x86_64 3.3.0 307.00 326.00 633.00 OK

Check Details

Version: 3.3.0
Check: installed package size
Result: NOTE
     installed size is 37.6Mb
     sub-directories of 1Mb or more:
     R 1.6Mb
     libs 35.1Mb
Flavors: r-devel-linux-x86_64-fedora-clang, r-devel-windows-ix86+x86_64, r-release-osx-x86_64, r-release-windows-ix86+x86_64, r-oldrel-osx-x86_64