CRAN Package Check Results for Package sparseLTSEigen

Last updated on 2020-06-05 01:50:16 CEST.

Flavor Version Tinstall Tcheck Ttotal Status Flags
r-devel-linux-x86_64-debian-clang 0.2.0 83.30 73.15 156.45 NOTE
r-devel-linux-x86_64-debian-gcc 0.2.0 66.04 57.42 123.46 NOTE
r-devel-linux-x86_64-fedora-clang 0.2.0 222.79 NOTE
r-devel-linux-x86_64-fedora-gcc 0.2.0 203.07 NOTE
r-devel-windows-ix86+x86_64 0.2.0 193.00 173.00 366.00 NOTE
r-patched-linux-x86_64 0.2.0 67.50 73.35 140.85 NOTE
r-patched-solaris-x86 0.2.0 228.30 NOTE
r-release-linux-x86_64 0.2.0 68.59 72.80 141.39 NOTE
r-release-osx-x86_64 0.2.0 NOTE
r-release-windows-ix86+x86_64 0.2.0 139.00 159.00 298.00 NOTE
r-oldrel-osx-x86_64 0.2.0 NOTE
r-oldrel-windows-ix86+x86_64 0.2.0 186.00 111.00 297.00 NOTE

Check Details

Version: 0.2.0
Check: line endings in C/C++/Fortran sources/headers
Result: NOTE
    Found the following sources/headers with CR or CRLF line endings:
     inst/include/MatrixAddons.h
     inst/include/sparseLTSEigen.h
    Some Unix compilers require LF line endings.
Flavors: r-devel-linux-x86_64-debian-clang, r-devel-linux-x86_64-debian-gcc, r-devel-linux-x86_64-fedora-clang, r-devel-linux-x86_64-fedora-gcc, r-devel-windows-ix86+x86_64, r-patched-linux-x86_64, r-patched-solaris-x86, r-release-linux-x86_64, r-release-osx-x86_64, r-release-windows-ix86+x86_64, r-oldrel-osx-x86_64, r-oldrel-windows-ix86+x86_64

Version: 0.2.0
Check: installed package size
Result: NOTE
     installed size is 16.8Mb
     sub-directories of 1Mb or more:
     libs 16.7Mb
Flavors: r-devel-linux-x86_64-fedora-clang, r-release-osx-x86_64, r-oldrel-osx-x86_64

Version: 0.2.0
Check: compiled code
Result: NOTE
    File ‘sparseLTSEigen/libs/sparseLTSEigen.so’:
     Found no calls to: ‘R_registerRoutines’, ‘R_useDynamicSymbols’
    
    It is good practice to register native routines and to disable symbol
    search.
    
    See ‘Writing portable packages’ in the ‘Writing R Extensions’ manual.
Flavors: r-devel-linux-x86_64-fedora-clang, r-devel-linux-x86_64-fedora-gcc