CRAN Package Check Results for Package sparsebnUtils

Last updated on 2020-04-08 01:49:11 CEST.

Flavor Version Tinstall Tcheck Ttotal Status Flags
r-devel-linux-x86_64-debian-clang 0.0.7 3.95 52.34 56.29 OK
r-devel-linux-x86_64-debian-gcc 0.0.7 3.10 39.91 43.01 OK
r-devel-linux-x86_64-fedora-clang 0.0.7 67.66 OK
r-devel-linux-x86_64-fedora-gcc 0.0.7 65.08 OK
r-devel-windows-ix86+x86_64 0.0.7 7.00 81.00 88.00 OK
r-devel-windows-ix86+x86_64-gcc8 0.0.7 8.00 58.00 66.00 OK
r-patched-linux-x86_64 0.0.7 4.71 50.82 55.53 OK
r-patched-solaris-x86 0.0.7 99.30 OK
r-release-linux-x86_64 0.0.7 3.20 46.98 50.18 OK
r-release-windows-ix86+x86_64 0.0.7 7.00 77.00 84.00 OK
r-release-osx-x86_64 0.0.7 OK
r-oldrel-windows-ix86+x86_64 0.0.7 8.00 56.00 64.00 OK
r-oldrel-osx-x86_64 0.0.7 NOTE

Check Details

Version: 0.0.7
Check: package dependencies
Result: NOTE
    Package suggested but not available for checking: ‘RCy3’
Flavor: r-oldrel-osx-x86_64

Version: 0.0.7
Check: Rd cross-references
Result: NOTE
    Package unavailable to check Rd xrefs: ‘RCy3’
Flavor: r-oldrel-osx-x86_64