CRAN Package Check Results for Package spatialrisk

Last updated on 2020-04-08 01:49:11 CEST.

Flavor Version Tinstall Tcheck Ttotal Status Flags
r-devel-linux-x86_64-debian-clang 0.6.6 45.76 199.00 244.76 OK
r-devel-linux-x86_64-debian-gcc 0.6.6 36.36 152.96 189.32 OK
r-devel-linux-x86_64-fedora-clang 0.6.6 307.44 NOTE
r-devel-linux-x86_64-fedora-gcc 0.6.6 332.01 NOTE
r-devel-windows-ix86+x86_64 0.6.6 78.00 271.00 349.00 NOTE
r-devel-windows-ix86+x86_64-gcc8 0.6.6 80.00 290.00 370.00 NOTE
r-patched-linux-x86_64 0.6.6 36.84 192.36 229.20 OK
r-patched-solaris-x86 0.6.6 422.80 NOTE
r-release-linux-x86_64 0.6.6 33.58 177.99 211.57 OK
r-release-windows-ix86+x86_64 0.6.6 112.00 408.00 520.00 NOTE
r-release-osx-x86_64 0.6.6 NOTE
r-oldrel-windows-ix86+x86_64 0.6.6 61.00 314.00 375.00 NOTE
r-oldrel-osx-x86_64 0.6.6 NOTE

Check Details

Version: 0.6.6
Check: installed package size
Result: NOTE
     installed size is 6.0Mb
     sub-directories of 1Mb or more:
     data 4.7Mb
     libs 1.2Mb
Flavors: r-devel-linux-x86_64-fedora-clang, r-devel-windows-ix86+x86_64, r-devel-windows-ix86+x86_64-gcc8, r-patched-solaris-x86, r-release-windows-ix86+x86_64, r-release-osx-x86_64, r-oldrel-windows-ix86+x86_64, r-oldrel-osx-x86_64

Version: 0.6.6
Check: dependencies in R code
Result: NOTE
    Namespace in Imports field not imported from: ‘sp’
     All declared Imports should be used.
Flavors: r-devel-linux-x86_64-fedora-clang, r-devel-linux-x86_64-fedora-gcc, r-patched-solaris-x86, r-release-osx-x86_64, r-oldrel-osx-x86_64

Version: 0.6.6
Check: data for non-ASCII characters
Result: NOTE
     Note: found 25 marked Latin-1 strings
     Note: found 658 marked UTF-8 strings
Flavors: r-devel-linux-x86_64-fedora-clang, r-devel-linux-x86_64-fedora-gcc, r-patched-solaris-x86, r-release-osx-x86_64, r-oldrel-osx-x86_64