CRAN Package Check Results for Package spcosa

Last updated on 2019-11-14 00:53:13 CET.

Flavor Version Tinstall Tcheck Ttotal Status Flags
r-devel-linux-x86_64-debian-clang 0.3-8 9.89 201.12 211.01 OK
r-devel-linux-x86_64-debian-gcc 0.3-8 9.12 146.34 155.46 OK
r-devel-linux-x86_64-fedora-clang 0.3-8 258.39 OK
r-devel-linux-x86_64-fedora-gcc 0.3-8 235.99 OK
r-devel-windows-ix86+x86_64 0.3-8 20.00 5.00 25.00 ERROR
r-patched-linux-x86_64 0.3-8 8.73 189.88 198.61 OK
r-patched-solaris-x86 0.3-8 324.70 OK
r-release-linux-x86_64 0.3-8 9.74 193.77 203.51 OK
r-release-windows-ix86+x86_64 0.3-8 31.00 192.00 223.00 OK
r-release-osx-x86_64 0.3-8 FAIL
r-oldrel-windows-ix86+x86_64 0.3-8 13.00 262.00 275.00 OK
r-oldrel-osx-x86_64 0.3-8 OK

Check Details

Version: 0.3-8
Check: whether package can be installed
Result: ERROR
    Installation failed.
Flavor: r-devel-windows-ix86+x86_64

Version: 0.3-8
Check: re-building of vignette outputs
Result: FAIL
    
Flavor: r-release-osx-x86_64