CRAN Package Check Results for Package spemd

Last updated on 2020-07-12 18:50:09 CEST.

Flavor Version Tinstall Tcheck Ttotal Status Flags
r-devel-linux-x86_64-debian-clang 0.1-1 14.26 129.81 144.07 NOTE
r-devel-linux-x86_64-debian-gcc 0.1-1 11.97 99.49 111.46 NOTE
r-devel-linux-x86_64-fedora-clang 0.1-1 190.22 NOTE
r-devel-linux-x86_64-fedora-gcc 0.1-1 182.36 NOTE
r-devel-windows-ix86+x86_64 0.1-1 34.00 133.00 167.00 OK
r-patched-linux-x86_64 0.1-1 13.96 126.24 140.20 NOTE
r-patched-solaris-x86 0.1-1 259.30 NOTE
r-release-linux-x86_64 0.1-1 12.73 126.34 139.07 NOTE
r-release-macos-x86_64 0.1-1 OK
r-release-windows-ix86+x86_64 0.1-1 44.00 127.00 171.00 OK
r-oldrel-macos-x86_64 0.1-1 OK
r-oldrel-windows-ix86+x86_64 0.1-1 37.00 112.00 149.00 OK

Check Details

Version: 0.1-1
Check: for non-standard things in the check directory
Result: NOTE
    Found the following files/directories:
     '.neig'
Flavors: r-devel-linux-x86_64-debian-clang, r-devel-linux-x86_64-debian-gcc, r-devel-linux-x86_64-fedora-clang, r-devel-linux-x86_64-fedora-gcc, r-patched-linux-x86_64, r-patched-solaris-x86, r-release-linux-x86_64