CRAN Package Check Results for Package spemd

Last updated on 2019-11-21 00:50:11 CET.

Flavor Version Tinstall Tcheck Ttotal Status Flags
r-devel-linux-x86_64-debian-clang 0.1-1 8.68 78.86 87.54 NOTE
r-devel-linux-x86_64-debian-gcc 0.1-1 8.17 64.15 72.32 NOTE
r-devel-linux-x86_64-fedora-clang 0.1-1 105.44 NOTE
r-devel-linux-x86_64-fedora-gcc 0.1-1 106.41 NOTE
r-devel-windows-ix86+x86_64 0.1-1 28.00 122.00 150.00 OK
r-devel-windows-ix86+x86_64-gcc8 0.1-1 18.00 89.00 107.00 OK
r-patched-linux-x86_64 0.1-1 7.76 75.83 83.59 OK
r-patched-solaris-x86 0.1-1 162.50 OK
r-release-linux-x86_64 0.1-1 7.95 75.67 83.62 OK
r-release-windows-ix86+x86_64 0.1-1 25.00 122.00 147.00 OK
r-release-osx-x86_64 0.1-1 OK
r-oldrel-windows-ix86+x86_64 0.1-1 8.00 113.00 121.00 OK
r-oldrel-osx-x86_64 0.1-1 OK

Check Details

Version: 0.1-1
Check: for non-standard things in the check directory
Result: NOTE
    Found the following files/directories:
     '.neig'
Flavors: r-devel-linux-x86_64-debian-clang, r-devel-linux-x86_64-debian-gcc, r-devel-linux-x86_64-fedora-clang, r-devel-linux-x86_64-fedora-gcc