CRAN Package Check Results for Package spiders

Last updated on 2019-10-23 03:48:41 CEST.

Flavor Version Tinstall Tcheck Ttotal Status Flags
r-devel-linux-x86_64-debian-clang 1.2 4.01 33.33 37.34 NOTE
r-devel-linux-x86_64-debian-gcc 1.2 2.68 26.64 29.32 NOTE
r-devel-linux-x86_64-fedora-clang 1.2 45.78 OK
r-devel-linux-x86_64-fedora-gcc 1.2 44.11 OK
r-devel-windows-ix86+x86_64 1.2 8.00 74.00 82.00 NOTE
r-patched-linux-x86_64 1.2 3.27 32.74 36.01 OK
r-patched-solaris-x86 1.2 66.80 OK
r-release-linux-x86_64 1.2 3.51 32.74 36.25 OK
r-release-windows-ix86+x86_64 1.2 10.00 48.00 58.00 OK
r-release-osx-x86_64 1.2 OK
r-oldrel-windows-ix86+x86_64 1.2 6.00 65.00 71.00 OK
r-oldrel-osx-x86_64 1.2 OK

Check Details

Version: 1.2
Check: package vignettes
Result: NOTE
    Package vignette with placeholder title 'Vignette Title':
     'spiders.Rmd'
Flavors: r-devel-linux-x86_64-debian-clang, r-devel-linux-x86_64-debian-gcc, r-devel-windows-ix86+x86_64