CRAN Package Check Results for Package spiders

Last updated on 2020-05-29 01:50:22 CEST.

Flavor Version Tinstall Tcheck Ttotal Status Flags
r-devel-linux-x86_64-debian-clang 1.2 4.16 37.75 41.91 NOTE
r-devel-linux-x86_64-debian-gcc 1.2 3.65 29.52 33.17 NOTE
r-devel-linux-x86_64-fedora-clang 1.2 50.98 OK
r-devel-linux-x86_64-fedora-gcc 1.2 49.70 OK
r-devel-windows-ix86+x86_64 1.2 11.00 73.00 84.00 NOTE
r-patched-linux-x86_64 1.2 3.62 37.88 41.50 NOTE
r-patched-solaris-x86 1.2 70.20 OK
r-release-linux-x86_64 1.2 4.52 37.60 42.12 NOTE
r-release-osx-x86_64 1.2 OK
r-release-windows-ix86+x86_64 1.2 9.00 123.00 132.00 NOTE
r-oldrel-osx-x86_64 1.2 OK
r-oldrel-windows-ix86+x86_64 1.2 9.00 53.00 62.00 OK

Check Details

Version: 1.2
Check: package vignettes
Result: NOTE
    Package vignette with placeholder title 'Vignette Title':
     'spiders.Rmd'
Flavors: r-devel-linux-x86_64-debian-clang, r-devel-linux-x86_64-debian-gcc, r-devel-windows-ix86+x86_64, r-patched-linux-x86_64, r-release-linux-x86_64, r-release-windows-ix86+x86_64