CRAN Package Check Results for Package stochvol

Last updated on 2019-10-17 02:47:36 CEST.

Flavor Version Tinstall Tcheck Ttotal Status Flags
r-devel-linux-x86_64-debian-clang 2.0.4 154.93 140.22 295.15 OK
r-devel-linux-x86_64-debian-gcc 2.0.4 112.22 100.35 212.57 OK
r-devel-linux-x86_64-fedora-clang 2.0.4 423.99 NOTE
r-devel-linux-x86_64-fedora-gcc 2.0.4 380.94 OK
r-devel-windows-ix86+x86_64 2.0.4 402.00 213.00 615.00 NOTE
r-patched-linux-x86_64 2.0.4 121.44 135.20 256.64 OK
r-patched-solaris-x86 2.0.4 475.90 OK
r-release-linux-x86_64 2.0.4 119.95 138.58 258.53 OK
r-release-windows-ix86+x86_64 2.0.4 267.00 223.00 490.00 NOTE
r-release-osx-x86_64 2.0.4 NOTE
r-oldrel-windows-ix86+x86_64 2.0.4 281.00 226.00 507.00 NOTE
r-oldrel-osx-x86_64 2.0.4 NOTE

Check Details

Version: 2.0.4
Check: installed package size
Result: NOTE
     installed size is 7.6Mb
     sub-directories of 1Mb or more:
     doc 2.6Mb
     libs 4.6Mb
Flavors: r-devel-linux-x86_64-fedora-clang, r-devel-windows-ix86+x86_64, r-release-windows-ix86+x86_64, r-release-osx-x86_64, r-oldrel-windows-ix86+x86_64, r-oldrel-osx-x86_64