CRAN Package Check Results for Package stochvol

Last updated on 2020-05-25 01:49:05 CEST.

Flavor Version Tinstall Tcheck Ttotal Status Flags
r-devel-linux-x86_64-debian-clang 2.0.4 178.80 135.08 313.88 OK
r-devel-linux-x86_64-debian-gcc 2.0.4 128.95 101.51 230.46 OK
r-devel-linux-x86_64-fedora-clang 2.0.4 428.36 NOTE
r-devel-linux-x86_64-fedora-gcc 2.0.4 384.25 OK
r-devel-windows-ix86+x86_64 2.0.4 428.00 283.00 711.00 NOTE
r-patched-linux-x86_64 2.0.4 133.32 137.84 271.16 OK
r-patched-solaris-x86 2.0.4 469.60 OK
r-release-linux-x86_64 2.0.4 135.65 135.55 271.20 OK
r-release-osx-x86_64 2.0.4 NOTE
r-release-windows-ix86+x86_64 2.0.4 308.00 284.00 592.00 NOTE
r-oldrel-osx-x86_64 2.0.4 NOTE
r-oldrel-windows-ix86+x86_64 2.0.4 321.00 244.00 565.00 NOTE

Check Details

Version: 2.0.4
Check: installed package size
Result: NOTE
     installed size is 8.3Mb
     sub-directories of 1Mb or more:
     doc 2.6Mb
     libs 5.2Mb
Flavors: r-devel-linux-x86_64-fedora-clang, r-devel-windows-ix86+x86_64, r-release-osx-x86_64, r-release-windows-ix86+x86_64, r-oldrel-osx-x86_64, r-oldrel-windows-ix86+x86_64