CRAN Package Check Results for Package storr

Last updated on 2020-08-13 09:49:14 CEST.

Flavor Version Tinstall Tcheck Ttotal Status Flags
r-devel-linux-x86_64-debian-clang 1.2.1 7.97 46.49 54.46 OK
r-devel-linux-x86_64-debian-gcc 1.2.1 7.28 35.23 42.51 OK
r-devel-linux-x86_64-fedora-clang 1.2.1 73.50 OK
r-devel-linux-x86_64-fedora-gcc 1.2.1 65.59 OK
r-devel-windows-ix86+x86_64 1.2.1 18.00 100.00 118.00 OK
r-patched-linux-x86_64 1.2.1 7.76 45.46 53.22 OK
r-patched-solaris-x86 1.2.1 93.70 NOTE
r-release-linux-x86_64 1.2.1 8.36 45.99 54.35 OK
r-release-macos-x86_64 1.2.1 OK
r-release-windows-ix86+x86_64 1.2.1 13.00 71.00 84.00 OK
r-oldrel-macos-x86_64 1.2.1 OK
r-oldrel-windows-ix86+x86_64 1.2.1 13.00 78.00 91.00 OK

Check Details

Version: 1.2.1
Check: package dependencies
Result: NOTE
    Package suggested but not available for checking: ‘RPostgres’
Flavor: r-patched-solaris-x86