CRAN Package Check Results for Package stringi

Last updated on 2020-05-31 01:48:55 CEST.

Flavor Version Tinstall Tcheck Ttotal Status Flags
r-devel-linux-x86_64-debian-clang 1.4.6 115.87 51.47 167.34 OK
r-devel-linux-x86_64-debian-gcc 1.4.6 79.40 40.51 119.91 OK
r-devel-linux-x86_64-fedora-clang 1.4.6 277.85 NOTE
r-devel-linux-x86_64-fedora-gcc 1.4.6 190.23 OK
r-devel-windows-ix86+x86_64 1.4.6 1420.00 159.00 1579.00 NOTE
r-patched-linux-x86_64 1.4.6 82.24 52.35 134.59 OK
r-patched-solaris-x86 1.4.6 833.60 NOTE
r-release-linux-x86_64 1.4.6 83.20 51.34 134.54 OK
r-release-osx-x86_64 1.4.6 NOTE
r-release-windows-ix86+x86_64 1.4.6 1245.00 153.00 1398.00 NOTE
r-oldrel-osx-x86_64 1.4.6 NOTE
r-oldrel-windows-ix86+x86_64 1.4.6 1036.00 119.00 1155.00 NOTE

Additional issues

rchk

Check Details

Version: 1.4.6
Check: installed package size
Result: NOTE
     installed size is 6.1Mb
     sub-directories of 1Mb or more:
     libs 5.4Mb
Flavors: r-devel-linux-x86_64-fedora-clang, r-devel-windows-ix86+x86_64, r-patched-solaris-x86, r-release-osx-x86_64, r-release-windows-ix86+x86_64, r-oldrel-osx-x86_64, r-oldrel-windows-ix86+x86_64