CRAN Package Check Results for Package stringr

Last updated on 2020-07-04 02:50:44 CEST.

Flavor Version Tinstall Tcheck Ttotal Status Flags
r-devel-linux-x86_64-debian-clang 1.4.0 3.06 33.61 36.67 OK
r-devel-linux-x86_64-debian-gcc 1.4.0 2.30 27.16 29.46 OK
r-devel-linux-x86_64-fedora-clang 1.4.0 53.22 NOTE
r-devel-linux-x86_64-fedora-gcc 1.4.0 46.27 NOTE
r-devel-windows-ix86+x86_64 1.4.0 11.00 47.00 58.00 OK
r-patched-linux-x86_64 1.4.0 2.75 33.65 36.40 OK
r-patched-solaris-x86 1.4.0 75.60 NOTE
r-release-linux-x86_64 1.4.0 3.37 33.76 37.13 OK
r-release-osx-x86_64 1.4.0 NOTE
r-release-windows-ix86+x86_64 1.4.0 10.00 49.00 59.00 OK
r-oldrel-osx-x86_64 1.4.0 NOTE
r-oldrel-windows-ix86+x86_64 1.4.0 8.00 62.00 70.00 OK

Check Details

Version: 1.4.0
Check: data for non-ASCII characters
Result: NOTE
     Note: found 3 marked UTF-8 strings
Flavors: r-devel-linux-x86_64-fedora-clang, r-devel-linux-x86_64-fedora-gcc, r-patched-solaris-x86, r-release-osx-x86_64, r-oldrel-osx-x86_64