CRAN Package Check Results for Package stylo

Last updated on 2019-10-14 01:46:37 CEST.

Flavor Version Tinstall Tcheck Ttotal Status Flags
r-devel-linux-x86_64-debian-clang 0.6.9 23.85 107.57 131.42 NOTE
r-devel-linux-x86_64-debian-gcc 0.6.9 18.19 84.24 102.43 NOTE
r-devel-linux-x86_64-fedora-clang 0.6.9 168.33 NOTE
r-devel-linux-x86_64-fedora-gcc 0.6.9 162.35 NOTE
r-devel-windows-ix86+x86_64 0.6.9 25.00 157.00 182.00 OK
r-patched-linux-x86_64 0.6.9 23.80 107.35 131.15 OK
r-patched-solaris-x86 0.6.9 234.60 OK
r-release-linux-x86_64 0.6.9 23.12 108.45 131.57 OK
r-release-windows-ix86+x86_64 0.6.9 36.00 103.00 139.00 OK
r-release-osx-x86_64 0.6.9 FAIL
r-oldrel-windows-ix86+x86_64 0.6.9 22.00 89.00 111.00 OK
r-oldrel-osx-x86_64 0.6.9 OK

Check Details

Version: 0.6.9
Check: for non-standard things in the check directory
Result: NOTE
    Found the following files/directories:
     'stylo.Rcheck_CA_100_MFWs_Culled_0__Classic Delta_EDGES.csv'
     'stylo_config.txt'
Flavors: r-devel-linux-x86_64-debian-clang, r-devel-linux-x86_64-debian-gcc, r-devel-linux-x86_64-fedora-clang, r-devel-linux-x86_64-fedora-gcc

Version: 0.6.9
Check: whether package can be installed
Result: FAIL
    
Flavor: r-release-osx-x86_64