CRAN Package Check Results for Package sumFREGAT

Last updated on 2020-04-03 04:47:39 CEST.

Flavor Version Tinstall Tcheck Ttotal Status Flags
r-devel-linux-x86_64-debian-clang 1.1.0 11.45 71.61 83.06 NOTE
r-devel-linux-x86_64-debian-gcc 1.1.0 9.25 55.63 64.88 NOTE
r-devel-linux-x86_64-fedora-clang 1.1.0 115.92 NOTE
r-devel-linux-x86_64-fedora-gcc 1.1.0 98.15 NOTE
r-devel-windows-ix86+x86_64 1.1.0 25.00 92.00 117.00 OK
r-devel-windows-ix86+x86_64-gcc8 1.1.0 20.00 97.00 117.00 OK
r-patched-linux-x86_64 1.1.0 11.93 68.60 80.53 NOTE
r-patched-solaris-x86 1.1.0 148.00 NOTE
r-release-linux-x86_64 1.1.0 8.51 64.27 72.78 OK
r-release-windows-ix86+x86_64 1.1.0 21.00 136.00 157.00 OK
r-release-osx-x86_64 1.1.0 OK
r-oldrel-windows-ix86+x86_64 1.1.0 21.00 86.00 107.00 OK
r-oldrel-osx-x86_64 1.1.0 OK

Check Details

Version: 1.1.0
Check: for non-standard things in the check directory
Result: NOTE
    Found the following files/directories:
     'CFH.scores.full.vcf'
Flavors: r-devel-linux-x86_64-debian-clang, r-devel-linux-x86_64-debian-gcc, r-devel-linux-x86_64-fedora-clang, r-devel-linux-x86_64-fedora-gcc, r-patched-linux-x86_64, r-patched-solaris-x86