CRAN Package Check Results for Package survival

Last updated on 2020-05-30 02:02:48 CEST.

Flavor Version Tinstall Tcheck Ttotal Status Flags
r-devel-linux-x86_64-debian-clang 3.1-12 57.96 539.18 597.14 OK
r-devel-linux-x86_64-debian-gcc 3.1-12 39.23 415.67 454.90 OK
r-devel-linux-x86_64-fedora-clang 3.1-12 745.34 NOTE
r-devel-linux-x86_64-fedora-gcc 3.1-12 726.74 OK
r-devel-windows-ix86+x86_64 3.1-12 134.00 1102.00 1236.00 NOTE
r-patched-linux-x86_64 3.1-12 46.93 528.91 575.84 OK
r-patched-solaris-x86 3.1-12 NOTE
r-release-linux-x86_64 3.1-12 49.14 536.12 585.26 OK
r-release-osx-x86_64 3.1-12 NOTE
r-release-windows-ix86+x86_64 3.1-12 115.00 1053.00 1168.00 NOTE
r-oldrel-osx-x86_64 3.1-12 NOTE
r-oldrel-windows-ix86+x86_64 3.1-12 142.00 788.00 930.00 NOTE

Check Details

Version: 3.1-12
Check: installed package size
Result: NOTE
     installed size is 9.0Mb
     sub-directories of 1Mb or more:
     R 1.0Mb
     data 3.2Mb
     doc 3.3Mb
Flavors: r-devel-linux-x86_64-fedora-clang, r-devel-windows-ix86+x86_64, r-patched-solaris-x86, r-release-osx-x86_64, r-release-windows-ix86+x86_64, r-oldrel-osx-x86_64, r-oldrel-windows-ix86+x86_64