CRAN Package Check Results for Package survminer

Last updated on 2019-10-20 01:47:03 CEST.

Flavor Version Tinstall Tcheck Ttotal Status Flags
r-devel-linux-x86_64-debian-clang 0.4.6 12.95 196.45 209.40 OK
r-devel-linux-x86_64-debian-gcc 0.4.6 10.95 146.14 157.09 OK
r-devel-linux-x86_64-fedora-clang 0.4.6 238.42 NOTE
r-devel-linux-x86_64-fedora-gcc 0.4.6 238.19 OK
r-devel-windows-ix86+x86_64 0.4.6 24.00 258.00 282.00 NOTE
r-patched-linux-x86_64 0.4.6 11.41 184.57 195.98 OK
r-patched-solaris-x86 0.4.6 326.90 NOTE
r-release-linux-x86_64 0.4.6 13.30 189.47 202.77 OK
r-release-windows-ix86+x86_64 0.4.6 25.00 208.00 233.00 NOTE
r-release-osx-x86_64 0.4.6 NOTE
r-oldrel-windows-ix86+x86_64 0.4.6 18.00 184.00 202.00 NOTE
r-oldrel-osx-x86_64 0.4.6 NOTE

Check Details

Version: 0.4.6
Check: installed package size
Result: NOTE
     installed size is 5.6Mb
     sub-directories of 1Mb or more:
     doc 5.1Mb
Flavors: r-devel-linux-x86_64-fedora-clang, r-devel-windows-ix86+x86_64, r-patched-solaris-x86, r-release-windows-ix86+x86_64, r-release-osx-x86_64, r-oldrel-windows-ix86+x86_64, r-oldrel-osx-x86_64