CRAN Package Check Results for Package survminer

Last updated on 2020-05-31 01:48:56 CEST.

Flavor Version Tinstall Tcheck Ttotal Status Flags
r-devel-linux-x86_64-debian-clang 0.4.7 17.23 204.87 222.10 OK
r-devel-linux-x86_64-debian-gcc 0.4.7 13.75 153.46 167.21 OK
r-devel-linux-x86_64-fedora-clang 0.4.7 250.64 NOTE
r-devel-linux-x86_64-fedora-gcc 0.4.7 259.04 OK
r-devel-windows-ix86+x86_64 0.4.7 48.00 261.00 309.00 NOTE
r-patched-linux-x86_64 0.4.7 13.80 199.31 213.11 OK
r-patched-solaris-x86 0.4.7 323.00 NOTE
r-release-linux-x86_64 0.4.7 17.55 198.96 216.51 OK
r-release-osx-x86_64 0.4.6 NOTE
r-release-windows-ix86+x86_64 0.4.6 35.00 351.00 386.00 NOTE
r-oldrel-osx-x86_64 0.4.7 NOTE
r-oldrel-windows-ix86+x86_64 0.4.7 39.00 299.00 338.00 NOTE

Check Details

Version: 0.4.7
Check: installed package size
Result: NOTE
     installed size is 5.3Mb
     sub-directories of 1Mb or more:
     doc 4.8Mb
Flavors: r-devel-linux-x86_64-fedora-clang, r-devel-windows-ix86+x86_64, r-patched-solaris-x86, r-oldrel-osx-x86_64, r-oldrel-windows-ix86+x86_64

Version: 0.4.6
Check: installed package size
Result: NOTE
     installed size is 5.5Mb
     sub-directories of 1Mb or more:
     doc 5.1Mb
Flavors: r-release-osx-x86_64, r-release-windows-ix86+x86_64