CRAN Package Check Results for Package sylly

Last updated on 2019-10-18 01:46:40 CEST.

Flavor Version Tinstall Tcheck Ttotal Status Flags
r-devel-linux-x86_64-debian-clang 0.1-5 3.75 30.61 34.36 NOTE
r-devel-linux-x86_64-debian-gcc 0.1-5 3.22 24.58 27.80 NOTE
r-devel-linux-x86_64-fedora-clang 0.1-5 45.21 NOTE
r-devel-linux-x86_64-fedora-gcc 0.1-5 43.56 NOTE
r-devel-windows-ix86+x86_64 0.1-5 10.00 45.00 55.00 NOTE
r-patched-linux-x86_64 0.1-5 2.95 30.20 33.15 NOTE
r-patched-solaris-x86 0.1-5 62.60 NOTE
r-release-linux-x86_64 0.1-5 3.35 30.70 34.05 NOTE
r-release-windows-ix86+x86_64 0.1-5 6.00 67.00 73.00 NOTE
r-release-osx-x86_64 0.1-5 NOTE
r-oldrel-windows-ix86+x86_64 0.1-5 5.00 38.00 43.00 NOTE
r-oldrel-osx-x86_64 0.1-5 NOTE

Check Details

Version: 0.1-5
Check: package dependencies
Result: NOTE
    Packages suggested but not available for checking: 'sylly.de', 'sylly.es'
Flavors: r-devel-linux-x86_64-debian-clang, r-devel-linux-x86_64-debian-gcc, r-devel-linux-x86_64-fedora-clang, r-devel-linux-x86_64-fedora-gcc, r-devel-windows-ix86+x86_64, r-patched-linux-x86_64, r-patched-solaris-x86, r-release-linux-x86_64, r-release-windows-ix86+x86_64, r-release-osx-x86_64

Version: 0.1-5
Check: package dependencies
Result: NOTE
    Packages suggested but not available for checking: 'sylly.de' 'sylly.es'
Flavors: r-oldrel-windows-ix86+x86_64, r-oldrel-osx-x86_64