CRAN Package Check Results for Package sylly

Last updated on 2020-05-25 01:49:05 CEST.

Flavor Version Tinstall Tcheck Ttotal Status Flags
r-devel-linux-x86_64-debian-clang 0.1-5 5.24 35.87 41.11 NOTE
r-devel-linux-x86_64-debian-gcc 0.1-5 3.85 28.26 32.11 NOTE
r-devel-linux-x86_64-fedora-clang 0.1-5 50.85 NOTE
r-devel-linux-x86_64-fedora-gcc 0.1-5 50.76 NOTE
r-devel-windows-ix86+x86_64 0.1-5 15.00 48.00 63.00 NOTE
r-patched-linux-x86_64 0.1-5 4.79 36.01 40.80 NOTE
r-patched-solaris-x86 0.1-5 70.60 NOTE
r-release-linux-x86_64 0.1-5 4.83 36.12 40.95 NOTE
r-release-osx-x86_64 0.1-5 NOTE
r-release-windows-ix86+x86_64 0.1-5 12.00 62.00 74.00 NOTE
r-oldrel-osx-x86_64 0.1-5 NOTE
r-oldrel-windows-ix86+x86_64 0.1-5 10.00 61.00 71.00 NOTE

Check Details

Version: 0.1-5
Check: package dependencies
Result: NOTE
    Packages suggested but not available for checking: 'sylly.de', 'sylly.es'
Flavors: r-devel-linux-x86_64-debian-clang, r-devel-linux-x86_64-debian-gcc, r-devel-linux-x86_64-fedora-clang, r-devel-linux-x86_64-fedora-gcc, r-devel-windows-ix86+x86_64, r-patched-linux-x86_64, r-patched-solaris-x86, r-release-linux-x86_64, r-release-osx-x86_64, r-release-windows-ix86+x86_64, r-oldrel-osx-x86_64, r-oldrel-windows-ix86+x86_64